{"id":1005949,"date":"2026-02-22T16:58:32","date_gmt":"2026-02-22T15:58:32","guid":{"rendered":"https:\/\/odigo.com\/person\/jean-jacques-gressier\/"},"modified":"2026-03-20T11:25:53","modified_gmt":"2026-03-20T10:25:53","slug":"jean-jacques-gressier","status":"publish","type":"person","link":"https:\/\/odigo.com\/es\/person\/jean-jacques-gressier\/","title":{"rendered":"Jean-Jacques Gressier"},"content":{"rendered":"<p>Jean-Jacques Gressier, antiguo Director Regional y luego Director de Formaci\u00f3n del Grupo Accor, es ahora Presidente de la Acad\u00e9mie du Service, una empresa de consultor\u00eda y formaci\u00f3n que inspira, imagina, dise\u00f1a y co-construye cada d\u00eda experiencias de clientes con empresas. En el centro de su trabajo est\u00e1 el principio de Simetr\u00eda de Actitudes, la convicci\u00f3n que garantiza que la transformaci\u00f3n de las organizaciones que esto requiere se llevar\u00e1 a cabo con la ambici\u00f3n y profundidad necesarias. Tambi\u00e9n es autor y coautor de varios libros de referencia sobre el tema de la experiencia y la gesti\u00f3n del cliente.  <\/p>\n","protected":false},"author":1,"featured_media":1005951,"menu_order":69,"template":"","meta":{"_acf_changed":false,"person_position":"","person_company":"","footnotes":""},"tags":[],"person-type":[],"topic":[],"class_list":["post-1005949","person","type-person","status-publish","has-post-thumbnail","hentry"],"acf":{"photo_intervenant":null,"person-position":"","person-company":"","person_biography":"","custom-url":"","linkedin-url":"","twitter-url":""},"yoast_head":"<!-- This site is optimized with the Yoast SEO plugin v27.5 - https:\/\/yoast.com\/product\/yoast-seo-wordpress\/ -->\n<title>Jean-Jacques Gressier - Odigo<\/title>\n<meta name=\"robots\" content=\"noindex, follow\" \/>\n<meta property=\"og:locale\" content=\"es_ES\" \/>\n<meta property=\"og:type\" content=\"article\" \/>\n<meta property=\"og:title\" content=\"Jean-Jacques Gressier - Odigo\" \/>\n<meta property=\"og:description\" content=\"Jean-Jacques Gressier, antiguo Director Regional y luego Director de Formaci\u00f3n del Grupo Accor, es ahora Presidente de la Acad\u00e9mie du Service, una empresa de consultor\u00eda y formaci\u00f3n que inspira, imagina, dise\u00f1a y co-construye cada d\u00eda experiencias de clientes con empresas. En el centro de su trabajo est\u00e1 el principio de Simetr\u00eda de Actitudes, la convicci\u00f3n [&hellip;]\" \/>\n<meta property=\"og:url\" content=\"https:\/\/odigo.com\/es\/person\/jean-jacques-gressier\/\" \/>\n<meta property=\"og:site_name\" content=\"Odigo\" \/>\n<meta property=\"article:modified_time\" content=\"2026-03-20T10:25:53+00:00\" \/>\n<meta property=\"og:image\" content=\"https:\/\/odigo.com\/wp-content\/uploads\/2021\/08\/Jean-Jacques-gressier-e1623766707208.jpeg\" \/>\n\t<meta property=\"og:image:width\" content=\"477\" \/>\n\t<meta property=\"og:image:height\" content=\"477\" \/>\n\t<meta property=\"og:image:type\" content=\"image\/jpeg\" \/>\n<meta name=\"twitter:card\" content=\"summary_large_image\" \/>\n<meta name=\"twitter:label1\" content=\"Tiempo de lectura\" \/>\n\t<meta name=\"twitter:data1\" content=\"1 minuto\" \/>\n<script type=\"application\/ld+json\" class=\"yoast-schema-graph\">{\"@context\":\"https:\\\/\\\/schema.org\",\"@graph\":[{\"@type\":\"WebPage\",\"@id\":\"https:\\\/\\\/odigo.com\\\/es\\\/person\\\/jean-jacques-gressier\\\/\",\"url\":\"https:\\\/\\\/odigo.com\\\/es\\\/person\\\/jean-jacques-gressier\\\/\",\"name\":\"Jean-Jacques Gressier - Odigo\",\"isPartOf\":{\"@id\":\"https:\\\/\\\/odigo.com\\\/es\\\/#website\"},\"primaryImageOfPage\":{\"@id\":\"https:\\\/\\\/odigo.com\\\/es\\\/person\\\/jean-jacques-gressier\\\/#primaryimage\"},\"image\":{\"@id\":\"https:\\\/\\\/odigo.com\\\/es\\\/person\\\/jean-jacques-gressier\\\/#primaryimage\"},\"thumbnailUrl\":\"https:\\\/\\\/odigo.com\\\/wp-content\\\/uploads\\\/2021\\\/08\\\/Jean-Jacques-gressier-e1623766707208.jpeg\",\"datePublished\":\"2026-02-22T15:58:32+00:00\",\"dateModified\":\"2026-03-20T10:25:53+00:00\",\"breadcrumb\":{\"@id\":\"https:\\\/\\\/odigo.com\\\/es\\\/person\\\/jean-jacques-gressier\\\/#breadcrumb\"},\"inLanguage\":\"es\",\"potentialAction\":[{\"@type\":\"ReadAction\",\"target\":[\"https:\\\/\\\/odigo.com\\\/es\\\/person\\\/jean-jacques-gressier\\\/\"]}]},{\"@type\":\"ImageObject\",\"inLanguage\":\"es\",\"@id\":\"https:\\\/\\\/odigo.com\\\/es\\\/person\\\/jean-jacques-gressier\\\/#primaryimage\",\"url\":\"https:\\\/\\\/odigo.com\\\/wp-content\\\/uploads\\\/2021\\\/08\\\/Jean-Jacques-gressier-e1623766707208.jpeg\",\"contentUrl\":\"https:\\\/\\\/odigo.com\\\/wp-content\\\/uploads\\\/2021\\\/08\\\/Jean-Jacques-gressier-e1623766707208.jpeg\",\"width\":477,\"height\":477},{\"@type\":\"BreadcrumbList\",\"@id\":\"https:\\\/\\\/odigo.com\\\/es\\\/person\\\/jean-jacques-gressier\\\/#breadcrumb\",\"itemListElement\":[{\"@type\":\"ListItem\",\"position\":1,\"name\":\"Accueil\",\"item\":\"https:\\\/\\\/odigo.com\\\/es\\\/inicio\\\/\"},{\"@type\":\"ListItem\",\"position\":2,\"name\":\"Jean-Jacques Gressier\"}]},{\"@type\":\"WebSite\",\"@id\":\"https:\\\/\\\/odigo.com\\\/es\\\/#website\",\"url\":\"https:\\\/\\\/odigo.com\\\/es\\\/\",\"name\":\"Odigo\",\"description\":\"\",\"publisher\":{\"@id\":\"https:\\\/\\\/odigo.com\\\/es\\\/#organization\"},\"potentialAction\":[{\"@type\":\"SearchAction\",\"target\":{\"@type\":\"EntryPoint\",\"urlTemplate\":\"https:\\\/\\\/odigo.com\\\/es\\\/?s={search_term_string}\"},\"query-input\":{\"@type\":\"PropertyValueSpecification\",\"valueRequired\":true,\"valueName\":\"search_term_string\"}}],\"inLanguage\":\"es\"},{\"@type\":\"Organization\",\"@id\":\"https:\\\/\\\/odigo.com\\\/es\\\/#organization\",\"name\":\"Odigo\",\"url\":\"https:\\\/\\\/odigo.com\\\/es\\\/\",\"logo\":{\"@type\":\"ImageObject\",\"inLanguage\":\"es\",\"@id\":\"https:\\\/\\\/odigo.com\\\/es\\\/#\\\/schema\\\/logo\\\/image\\\/\",\"url\":\"https:\\\/\\\/odigo.com\\\/wp-content\\\/uploads\\\/2026\\\/03\\\/logo-odigo.svg\",\"contentUrl\":\"https:\\\/\\\/odigo.com\\\/wp-content\\\/uploads\\\/2026\\\/03\\\/logo-odigo.svg\",\"caption\":\"Odigo\"},\"image\":{\"@id\":\"https:\\\/\\\/odigo.com\\\/es\\\/#\\\/schema\\\/logo\\\/image\\\/\"}}]}<\/script>\n<!-- \/ Yoast SEO plugin. -->","yoast_head_json":{"title":"Jean-Jacques Gressier - Odigo","robots":{"index":"noindex","follow":"follow"},"og_locale":"es_ES","og_type":"article","og_title":"Jean-Jacques Gressier - Odigo","og_description":"Jean-Jacques Gressier, antiguo Director Regional y luego Director de Formaci\u00f3n del Grupo Accor, es ahora Presidente de la Acad\u00e9mie du Service, una empresa de consultor\u00eda y formaci\u00f3n que inspira, imagina, dise\u00f1a y co-construye cada d\u00eda experiencias de clientes con empresas. En el centro de su trabajo est\u00e1 el principio de Simetr\u00eda de Actitudes, la convicci\u00f3n [&hellip;]","og_url":"https:\/\/odigo.com\/es\/person\/jean-jacques-gressier\/","og_site_name":"Odigo","article_modified_time":"2026-03-20T10:25:53+00:00","og_image":[{"width":477,"height":477,"url":"https:\/\/odigo.com\/wp-content\/uploads\/2021\/08\/Jean-Jacques-gressier-e1623766707208.jpeg","type":"image\/jpeg"}],"twitter_card":"summary_large_image","twitter_misc":{"Tiempo de lectura":"1 minuto"},"schema":{"@context":"https:\/\/schema.org","@graph":[{"@type":"WebPage","@id":"https:\/\/odigo.com\/es\/person\/jean-jacques-gressier\/","url":"https:\/\/odigo.com\/es\/person\/jean-jacques-gressier\/","name":"Jean-Jacques Gressier - Odigo","isPartOf":{"@id":"https:\/\/odigo.com\/es\/#website"},"primaryImageOfPage":{"@id":"https:\/\/odigo.com\/es\/person\/jean-jacques-gressier\/#primaryimage"},"image":{"@id":"https:\/\/odigo.com\/es\/person\/jean-jacques-gressier\/#primaryimage"},"thumbnailUrl":"https:\/\/odigo.com\/wp-content\/uploads\/2021\/08\/Jean-Jacques-gressier-e1623766707208.jpeg","datePublished":"2026-02-22T15:58:32+00:00","dateModified":"2026-03-20T10:25:53+00:00","breadcrumb":{"@id":"https:\/\/odigo.com\/es\/person\/jean-jacques-gressier\/#breadcrumb"},"inLanguage":"es","potentialAction":[{"@type":"ReadAction","target":["https:\/\/odigo.com\/es\/person\/jean-jacques-gressier\/"]}]},{"@type":"ImageObject","inLanguage":"es","@id":"https:\/\/odigo.com\/es\/person\/jean-jacques-gressier\/#primaryimage","url":"https:\/\/odigo.com\/wp-content\/uploads\/2021\/08\/Jean-Jacques-gressier-e1623766707208.jpeg","contentUrl":"https:\/\/odigo.com\/wp-content\/uploads\/2021\/08\/Jean-Jacques-gressier-e1623766707208.jpeg","width":477,"height":477},{"@type":"BreadcrumbList","@id":"https:\/\/odigo.com\/es\/person\/jean-jacques-gressier\/#breadcrumb","itemListElement":[{"@type":"ListItem","position":1,"name":"Accueil","item":"https:\/\/odigo.com\/es\/inicio\/"},{"@type":"ListItem","position":2,"name":"Jean-Jacques Gressier"}]},{"@type":"WebSite","@id":"https:\/\/odigo.com\/es\/#website","url":"https:\/\/odigo.com\/es\/","name":"Odigo","description":"","publisher":{"@id":"https:\/\/odigo.com\/es\/#organization"},"potentialAction":[{"@type":"SearchAction","target":{"@type":"EntryPoint","urlTemplate":"https:\/\/odigo.com\/es\/?s={search_term_string}"},"query-input":{"@type":"PropertyValueSpecification","valueRequired":true,"valueName":"search_term_string"}}],"inLanguage":"es"},{"@type":"Organization","@id":"https:\/\/odigo.com\/es\/#organization","name":"Odigo","url":"https:\/\/odigo.com\/es\/","logo":{"@type":"ImageObject","inLanguage":"es","@id":"https:\/\/odigo.com\/es\/#\/schema\/logo\/image\/","url":"https:\/\/odigo.com\/wp-content\/uploads\/2026\/03\/logo-odigo.svg","contentUrl":"https:\/\/odigo.com\/wp-content\/uploads\/2026\/03\/logo-odigo.svg","caption":"Odigo"},"image":{"@id":"https:\/\/odigo.com\/es\/#\/schema\/logo\/image\/"}}]}},"_links":{"self":[{"href":"https:\/\/odigo.com\/es\/wp-json\/wp\/v2\/person\/1005949","targetHints":{"allow":["GET"]}}],"collection":[{"href":"https:\/\/odigo.com\/es\/wp-json\/wp\/v2\/person"}],"about":[{"href":"https:\/\/odigo.com\/es\/wp-json\/wp\/v2\/types\/person"}],"author":[{"embeddable":true,"href":"https:\/\/odigo.com\/es\/wp-json\/wp\/v2\/users\/1"}],"version-history":[{"count":1,"href":"https:\/\/odigo.com\/es\/wp-json\/wp\/v2\/person\/1005949\/revisions"}],"predecessor-version":[{"id":1007599,"href":"https:\/\/odigo.com\/es\/wp-json\/wp\/v2\/person\/1005949\/revisions\/1007599"}],"wp:featuredmedia":[{"embeddable":true,"href":"https:\/\/odigo.com\/es\/wp-json\/wp\/v2\/media\/1005951"}],"wp:attachment":[{"href":"https:\/\/odigo.com\/es\/wp-json\/wp\/v2\/media?parent=1005949"}],"wp:term":[{"taxonomy":"post_tag","embeddable":true,"href":"https:\/\/odigo.com\/es\/wp-json\/wp\/v2\/tags?post=1005949"},{"taxonomy":"person-type","embeddable":true,"href":"https:\/\/odigo.com\/es\/wp-json\/wp\/v2\/person-type?post=1005949"},{"taxonomy":"topic","embeddable":true,"href":"https:\/\/odigo.com\/es\/wp-json\/wp\/v2\/topic?post=1005949"}],"curies":[{"name":"wp","href":"https:\/\/api.w.org\/{rel}","templated":true}]}}

<p>Jean-Jacques Gressier, antiguo Director Regional y luego Director de Formación del Grupo Accor, es ahora Presidente de la Académie du Service, una empresa de consultoría y formación que inspira, imagina, diseña y co-construye cada día experiencias de clientes con empresas. En el centro de su trabajo está el principio de Simetría de Actitudes, la convicción que garantiza que la transformación de las organizaciones que esto requiere se llevará a cabo con la ambición y profundidad necesarias. También es autor y coautor de varios libros de referencia sobre el tema de la experiencia y la gestión del cliente.  </p>

<!-- This site is optimized with the Yoast SEO plugin v27.5 - https://yoast.com/product/yoast-seo-wordpress/ -->
<title>Jean-Jacques Gressier - Odigo</title>
<meta name="robots" content="noindex, follow" />
<meta property="og:locale" content="es_ES" />
<meta property="og:type" content="article" />
<meta property="og:title" content="Jean-Jacques Gressier - Odigo" />
<meta property="og:description" content="Jean-Jacques Gressier, antiguo Director Regional y luego Director de Formación del Grupo Accor, es ahora Presidente de la Académie du Service, una empresa de consultoría y formación que inspira, imagina, diseña y co-construye cada día experiencias de clientes con empresas. En el centro de su trabajo está el principio de Simetría de Actitudes, la convicción [&hellip;]" />
<meta property="og:url" content="https://odigo.com/es/person/jean-jacques-gressier/" />
<meta property="og:site_name" content="Odigo" />
<meta property="article:modified_time" content="2026-03-20T10:25:53+00:00" />
<meta property="og:image" content="https://odigo.com/wp-content/uploads/2021/08/Jean-Jacques-gressier-e1623766707208.jpeg" />
	<meta property="og:image:width" content="477" />
	<meta property="og:image:height" content="477" />
	<meta property="og:image:type" content="image/jpeg" />
<meta name="twitter:card" content="summary_large_image" />
<meta name="twitter:label1" content="Tiempo de lectura" />
	<meta name="twitter:data1" content="1 minuto" />
<script type="application/ld+json" class="yoast-schema-graph">{"@context":"https:\/\/schema.org","@graph":[{"@type":"WebPage","@id":"https:\/\/odigo.com\/es\/person\/jean-jacques-gressier\/","url":"https:\/\/odigo.com\/es\/person\/jean-jacques-gressier\/","name":"Jean-Jacques Gressier - Odigo","isPartOf":{"@id":"https:\/\/odigo.com\/es\/#website"},"primaryImageOfPage":{"@id":"https:\/\/odigo.com\/es\/person\/jean-jacques-gressier\/#primaryimage"},"image":{"@id":"https:\/\/odigo.com\/es\/person\/jean-jacques-gressier\/#primaryimage"},"thumbnailUrl":"https:\/\/odigo.com\/wp-content\/uploads\/2021\/08\/Jean-Jacques-gressier-e1623766707208.jpeg","datePublished":"2026-02-22T15:58:32+00:00","dateModified":"2026-03-20T10:25:53+00:00","breadcrumb":{"@id":"https:\/\/odigo.com\/es\/person\/jean-jacques-gressier\/#breadcrumb"},"inLanguage":"es","potentialAction":[{"@type":"ReadAction","target":["https:\/\/odigo.com\/es\/person\/jean-jacques-gressier\/"]}]},{"@type":"ImageObject","inLanguage":"es","@id":"https:\/\/odigo.com\/es\/person\/jean-jacques-gressier\/#primaryimage","url":"https:\/\/odigo.com\/wp-content\/uploads\/2021\/08\/Jean-Jacques-gressier-e1623766707208.jpeg","contentUrl":"https:\/\/odigo.com\/wp-content\/uploads\/2021\/08\/Jean-Jacques-gressier-e1623766707208.jpeg","width":477,"height":477},{"@type":"BreadcrumbList","@id":"https:\/\/odigo.com\/es\/person\/jean-jacques-gressier\/#breadcrumb","itemListElement":[{"@type":"ListItem","position":1,"name":"Accueil","item":"https:\/\/odigo.com\/es\/inicio\/"},{"@type":"ListItem","position":2,"name":"Jean-Jacques Gressier"}]},{"@type":"WebSite","@id":"https:\/\/odigo.com\/es\/#website","url":"https:\/\/odigo.com\/es\/","name":"Odigo","description":"","publisher":{"@id":"https:\/\/odigo.com\/es\/#organization"},"potentialAction":[{"@type":"SearchAction","target":{"@type":"EntryPoint","urlTemplate":"https:\/\/odigo.com\/es\/?s={search_term_string}"},"query-input":{"@type":"PropertyValueSpecification","valueRequired":true,"valueName":"search_term_string"}}],"inLanguage":"es"},{"@type":"Organization","@id":"https:\/\/odigo.com\/es\/#organization","name":"Odigo","url":"https:\/\/odigo.com\/es\/","logo":{"@type":"ImageObject","inLanguage":"es","@id":"https:\/\/odigo.com\/es\/#\/schema\/logo\/image\/","url":"https:\/\/odigo.com\/wp-content\/uploads\/2026\/03\/logo-odigo.svg","contentUrl":"https:\/\/odigo.com\/wp-content\/uploads\/2026\/03\/logo-odigo.svg","caption":"Odigo"},"image":{"@id":"https:\/\/odigo.com\/es\/#\/schema\/logo\/image\/"}}]}</script>
<!-- / Yoast SEO plugin. -->

Jean-Jacques Gressier, antiguo Director Regional y luego Director de Formación del Grupo Accor, es ahora Presidente de la Académie du Service, una empresa de consultoría y formación que inspira, imagina, diseña y co-construye cada día experiencias de clientes con empresas. En el centro de su trabajo está el principio de Simetría de Actitudes, la convicción [&hellip;]
