{"id":1006260,"date":"2026-02-22T16:58:32","date_gmt":"2026-02-22T15:58:32","guid":{"rendered":"https:\/\/odigo.com\/person\/flore-firino-martell\/"},"modified":"2026-03-20T11:26:54","modified_gmt":"2026-03-20T10:26:54","slug":"flore-firino-martell","status":"publish","type":"person","link":"https:\/\/odigo.com\/es\/person\/flore-firino-martell\/","title":{"rendered":"Flore Firino-Martell"},"content":{"rendered":"<p>Tras licenciarse en la \u00c9cole des hautes \u00e9tudes en sciences de l&#8217;information et de la communication &#8211; Celsa, Flore Firino Martell entr\u00f3 en el mundo de las relaciones con los clientes. Comenz\u00f3 su carrera como asesora de clientes en la empresa de subcontrataci\u00f3n Multilignes Conseil, antes de convertirse en directora general y vicepresidenta (Grupo Teleperformance) hasta 2004. Entonces decidi\u00f3 emprender su propio camino y fund\u00f3 Teleressources, un socio que aporta toda su experiencia en RRHH a los departamentos de experiencia del cliente y relaciones con los clientes: consultor\u00eda operativa, formaci\u00f3n, contrataci\u00f3n y puesta a disposici\u00f3n de equipos por contrato.  <\/p>\n","protected":false},"author":1,"featured_media":1006262,"menu_order":52,"template":"","meta":{"_acf_changed":false,"person_position":"","person_company":"","footnotes":""},"tags":[],"person-type":[],"topic":[],"class_list":["post-1006260","person","type-person","status-publish","has-post-thumbnail","hentry"],"acf":{"photo_intervenant":null,"person-position":"","person-company":"","person_biography":"","custom-url":"","linkedin-url":"","twitter-url":""},"yoast_head":"<!-- This site is optimized with the Yoast SEO plugin v27.5 - https:\/\/yoast.com\/product\/yoast-seo-wordpress\/ -->\n<title>Flore Firino-Martell - Odigo<\/title>\n<meta name=\"robots\" content=\"noindex, follow\" \/>\n<meta property=\"og:locale\" content=\"es_ES\" \/>\n<meta property=\"og:type\" content=\"article\" \/>\n<meta property=\"og:title\" content=\"Flore Firino-Martell - Odigo\" \/>\n<meta property=\"og:description\" content=\"Tras licenciarse en la \u00c9cole des hautes \u00e9tudes en sciences de l&#8217;information et de la communication &#8211; Celsa, Flore Firino Martell entr\u00f3 en el mundo de las relaciones con los clientes. Comenz\u00f3 su carrera como asesora de clientes en la empresa de subcontrataci\u00f3n Multilignes Conseil, antes de convertirse en directora general y vicepresidenta (Grupo Teleperformance) [&hellip;]\" \/>\n<meta property=\"og:url\" content=\"https:\/\/odigo.com\/es\/person\/flore-firino-martell\/\" \/>\n<meta property=\"og:site_name\" content=\"Odigo\" \/>\n<meta property=\"article:modified_time\" content=\"2026-03-20T10:26:54+00:00\" \/>\n<meta property=\"og:image\" content=\"https:\/\/odigo.com\/wp-content\/uploads\/2022\/02\/Flore-Firino-copie.jpg\" \/>\n\t<meta property=\"og:image:width\" content=\"480\" \/>\n\t<meta property=\"og:image:height\" content=\"480\" \/>\n\t<meta property=\"og:image:type\" content=\"image\/jpeg\" \/>\n<meta name=\"twitter:card\" content=\"summary_large_image\" \/>\n<meta name=\"twitter:label1\" content=\"Tiempo de lectura\" \/>\n\t<meta name=\"twitter:data1\" content=\"1 minuto\" \/>\n<script type=\"application\/ld+json\" class=\"yoast-schema-graph\">{\"@context\":\"https:\\\/\\\/schema.org\",\"@graph\":[{\"@type\":\"WebPage\",\"@id\":\"https:\\\/\\\/odigo.com\\\/es\\\/person\\\/flore-firino-martell\\\/\",\"url\":\"https:\\\/\\\/odigo.com\\\/es\\\/person\\\/flore-firino-martell\\\/\",\"name\":\"Flore Firino-Martell - Odigo\",\"isPartOf\":{\"@id\":\"https:\\\/\\\/odigo.com\\\/es\\\/#website\"},\"primaryImageOfPage\":{\"@id\":\"https:\\\/\\\/odigo.com\\\/es\\\/person\\\/flore-firino-martell\\\/#primaryimage\"},\"image\":{\"@id\":\"https:\\\/\\\/odigo.com\\\/es\\\/person\\\/flore-firino-martell\\\/#primaryimage\"},\"thumbnailUrl\":\"https:\\\/\\\/odigo.com\\\/wp-content\\\/uploads\\\/2022\\\/02\\\/Flore-Firino-copie.jpg\",\"datePublished\":\"2026-02-22T15:58:32+00:00\",\"dateModified\":\"2026-03-20T10:26:54+00:00\",\"breadcrumb\":{\"@id\":\"https:\\\/\\\/odigo.com\\\/es\\\/person\\\/flore-firino-martell\\\/#breadcrumb\"},\"inLanguage\":\"es\",\"potentialAction\":[{\"@type\":\"ReadAction\",\"target\":[\"https:\\\/\\\/odigo.com\\\/es\\\/person\\\/flore-firino-martell\\\/\"]}]},{\"@type\":\"ImageObject\",\"inLanguage\":\"es\",\"@id\":\"https:\\\/\\\/odigo.com\\\/es\\\/person\\\/flore-firino-martell\\\/#primaryimage\",\"url\":\"https:\\\/\\\/odigo.com\\\/wp-content\\\/uploads\\\/2022\\\/02\\\/Flore-Firino-copie.jpg\",\"contentUrl\":\"https:\\\/\\\/odigo.com\\\/wp-content\\\/uploads\\\/2022\\\/02\\\/Flore-Firino-copie.jpg\",\"width\":480,\"height\":480,\"caption\":\"Flore-Firino\"},{\"@type\":\"BreadcrumbList\",\"@id\":\"https:\\\/\\\/odigo.com\\\/es\\\/person\\\/flore-firino-martell\\\/#breadcrumb\",\"itemListElement\":[{\"@type\":\"ListItem\",\"position\":1,\"name\":\"Accueil\",\"item\":\"https:\\\/\\\/odigo.com\\\/es\\\/inicio\\\/\"},{\"@type\":\"ListItem\",\"position\":2,\"name\":\"Flore Firino-Martell\"}]},{\"@type\":\"WebSite\",\"@id\":\"https:\\\/\\\/odigo.com\\\/es\\\/#website\",\"url\":\"https:\\\/\\\/odigo.com\\\/es\\\/\",\"name\":\"Odigo\",\"description\":\"\",\"publisher\":{\"@id\":\"https:\\\/\\\/odigo.com\\\/es\\\/#organization\"},\"potentialAction\":[{\"@type\":\"SearchAction\",\"target\":{\"@type\":\"EntryPoint\",\"urlTemplate\":\"https:\\\/\\\/odigo.com\\\/es\\\/?s={search_term_string}\"},\"query-input\":{\"@type\":\"PropertyValueSpecification\",\"valueRequired\":true,\"valueName\":\"search_term_string\"}}],\"inLanguage\":\"es\"},{\"@type\":\"Organization\",\"@id\":\"https:\\\/\\\/odigo.com\\\/es\\\/#organization\",\"name\":\"Odigo\",\"url\":\"https:\\\/\\\/odigo.com\\\/es\\\/\",\"logo\":{\"@type\":\"ImageObject\",\"inLanguage\":\"es\",\"@id\":\"https:\\\/\\\/odigo.com\\\/es\\\/#\\\/schema\\\/logo\\\/image\\\/\",\"url\":\"https:\\\/\\\/odigo.com\\\/wp-content\\\/uploads\\\/2026\\\/03\\\/logo-odigo.svg\",\"contentUrl\":\"https:\\\/\\\/odigo.com\\\/wp-content\\\/uploads\\\/2026\\\/03\\\/logo-odigo.svg\",\"caption\":\"Odigo\"},\"image\":{\"@id\":\"https:\\\/\\\/odigo.com\\\/es\\\/#\\\/schema\\\/logo\\\/image\\\/\"}}]}<\/script>\n<!-- \/ Yoast SEO plugin. -->","yoast_head_json":{"title":"Flore Firino-Martell - Odigo","robots":{"index":"noindex","follow":"follow"},"og_locale":"es_ES","og_type":"article","og_title":"Flore Firino-Martell - Odigo","og_description":"Tras licenciarse en la \u00c9cole des hautes \u00e9tudes en sciences de l&#8217;information et de la communication &#8211; Celsa, Flore Firino Martell entr\u00f3 en el mundo de las relaciones con los clientes. Comenz\u00f3 su carrera como asesora de clientes en la empresa de subcontrataci\u00f3n Multilignes Conseil, antes de convertirse en directora general y vicepresidenta (Grupo Teleperformance) [&hellip;]","og_url":"https:\/\/odigo.com\/es\/person\/flore-firino-martell\/","og_site_name":"Odigo","article_modified_time":"2026-03-20T10:26:54+00:00","og_image":[{"width":480,"height":480,"url":"https:\/\/odigo.com\/wp-content\/uploads\/2022\/02\/Flore-Firino-copie.jpg","type":"image\/jpeg"}],"twitter_card":"summary_large_image","twitter_misc":{"Tiempo de lectura":"1 minuto"},"schema":{"@context":"https:\/\/schema.org","@graph":[{"@type":"WebPage","@id":"https:\/\/odigo.com\/es\/person\/flore-firino-martell\/","url":"https:\/\/odigo.com\/es\/person\/flore-firino-martell\/","name":"Flore Firino-Martell - Odigo","isPartOf":{"@id":"https:\/\/odigo.com\/es\/#website"},"primaryImageOfPage":{"@id":"https:\/\/odigo.com\/es\/person\/flore-firino-martell\/#primaryimage"},"image":{"@id":"https:\/\/odigo.com\/es\/person\/flore-firino-martell\/#primaryimage"},"thumbnailUrl":"https:\/\/odigo.com\/wp-content\/uploads\/2022\/02\/Flore-Firino-copie.jpg","datePublished":"2026-02-22T15:58:32+00:00","dateModified":"2026-03-20T10:26:54+00:00","breadcrumb":{"@id":"https:\/\/odigo.com\/es\/person\/flore-firino-martell\/#breadcrumb"},"inLanguage":"es","potentialAction":[{"@type":"ReadAction","target":["https:\/\/odigo.com\/es\/person\/flore-firino-martell\/"]}]},{"@type":"ImageObject","inLanguage":"es","@id":"https:\/\/odigo.com\/es\/person\/flore-firino-martell\/#primaryimage","url":"https:\/\/odigo.com\/wp-content\/uploads\/2022\/02\/Flore-Firino-copie.jpg","contentUrl":"https:\/\/odigo.com\/wp-content\/uploads\/2022\/02\/Flore-Firino-copie.jpg","width":480,"height":480,"caption":"Flore-Firino"},{"@type":"BreadcrumbList","@id":"https:\/\/odigo.com\/es\/person\/flore-firino-martell\/#breadcrumb","itemListElement":[{"@type":"ListItem","position":1,"name":"Accueil","item":"https:\/\/odigo.com\/es\/inicio\/"},{"@type":"ListItem","position":2,"name":"Flore Firino-Martell"}]},{"@type":"WebSite","@id":"https:\/\/odigo.com\/es\/#website","url":"https:\/\/odigo.com\/es\/","name":"Odigo","description":"","publisher":{"@id":"https:\/\/odigo.com\/es\/#organization"},"potentialAction":[{"@type":"SearchAction","target":{"@type":"EntryPoint","urlTemplate":"https:\/\/odigo.com\/es\/?s={search_term_string}"},"query-input":{"@type":"PropertyValueSpecification","valueRequired":true,"valueName":"search_term_string"}}],"inLanguage":"es"},{"@type":"Organization","@id":"https:\/\/odigo.com\/es\/#organization","name":"Odigo","url":"https:\/\/odigo.com\/es\/","logo":{"@type":"ImageObject","inLanguage":"es","@id":"https:\/\/odigo.com\/es\/#\/schema\/logo\/image\/","url":"https:\/\/odigo.com\/wp-content\/uploads\/2026\/03\/logo-odigo.svg","contentUrl":"https:\/\/odigo.com\/wp-content\/uploads\/2026\/03\/logo-odigo.svg","caption":"Odigo"},"image":{"@id":"https:\/\/odigo.com\/es\/#\/schema\/logo\/image\/"}}]}},"_links":{"self":[{"href":"https:\/\/odigo.com\/es\/wp-json\/wp\/v2\/person\/1006260","targetHints":{"allow":["GET"]}}],"collection":[{"href":"https:\/\/odigo.com\/es\/wp-json\/wp\/v2\/person"}],"about":[{"href":"https:\/\/odigo.com\/es\/wp-json\/wp\/v2\/types\/person"}],"author":[{"embeddable":true,"href":"https:\/\/odigo.com\/es\/wp-json\/wp\/v2\/users\/1"}],"version-history":[{"count":1,"href":"https:\/\/odigo.com\/es\/wp-json\/wp\/v2\/person\/1006260\/revisions"}],"predecessor-version":[{"id":1007645,"href":"https:\/\/odigo.com\/es\/wp-json\/wp\/v2\/person\/1006260\/revisions\/1007645"}],"wp:featuredmedia":[{"embeddable":true,"href":"https:\/\/odigo.com\/es\/wp-json\/wp\/v2\/media\/1006262"}],"wp:attachment":[{"href":"https:\/\/odigo.com\/es\/wp-json\/wp\/v2\/media?parent=1006260"}],"wp:term":[{"taxonomy":"post_tag","embeddable":true,"href":"https:\/\/odigo.com\/es\/wp-json\/wp\/v2\/tags?post=1006260"},{"taxonomy":"person-type","embeddable":true,"href":"https:\/\/odigo.com\/es\/wp-json\/wp\/v2\/person-type?post=1006260"},{"taxonomy":"topic","embeddable":true,"href":"https:\/\/odigo.com\/es\/wp-json\/wp\/v2\/topic?post=1006260"}],"curies":[{"name":"wp","href":"https:\/\/api.w.org\/{rel}","templated":true}]}}

<p>Tras licenciarse en la École des hautes études en sciences de l&#8217;information et de la communication &#8211; Celsa, Flore Firino Martell entró en el mundo de las relaciones con los clientes. Comenzó su carrera como asesora de clientes en la empresa de subcontratación Multilignes Conseil, antes de convertirse en directora general y vicepresidenta (Grupo Teleperformance) hasta 2004. Entonces decidió emprender su propio camino y fundó Teleressources, un socio que aporta toda su experiencia en RRHH a los departamentos de experiencia del cliente y relaciones con los clientes: consultoría operativa, formación, contratación y puesta a disposición de equipos por contrato.  </p>

<!-- This site is optimized with the Yoast SEO plugin v27.5 - https://yoast.com/product/yoast-seo-wordpress/ -->
<title>Flore Firino-Martell - Odigo</title>
<meta name="robots" content="noindex, follow" />
<meta property="og:locale" content="es_ES" />
<meta property="og:type" content="article" />
<meta property="og:title" content="Flore Firino-Martell - Odigo" />
<meta property="og:description" content="Tras licenciarse en la École des hautes études en sciences de l&#8217;information et de la communication &#8211; Celsa, Flore Firino Martell entró en el mundo de las relaciones con los clientes. Comenzó su carrera como asesora de clientes en la empresa de subcontratación Multilignes Conseil, antes de convertirse en directora general y vicepresidenta (Grupo Teleperformance) [&hellip;]" />
<meta property="og:url" content="https://odigo.com/es/person/flore-firino-martell/" />
<meta property="og:site_name" content="Odigo" />
<meta property="article:modified_time" content="2026-03-20T10:26:54+00:00" />
<meta property="og:image" content="https://odigo.com/wp-content/uploads/2022/02/Flore-Firino-copie.jpg" />
	<meta property="og:image:width" content="480" />
	<meta property="og:image:height" content="480" />
	<meta property="og:image:type" content="image/jpeg" />
<meta name="twitter:card" content="summary_large_image" />
<meta name="twitter:label1" content="Tiempo de lectura" />
	<meta name="twitter:data1" content="1 minuto" />
<script type="application/ld+json" class="yoast-schema-graph">{"@context":"https:\/\/schema.org","@graph":[{"@type":"WebPage","@id":"https:\/\/odigo.com\/es\/person\/flore-firino-martell\/","url":"https:\/\/odigo.com\/es\/person\/flore-firino-martell\/","name":"Flore Firino-Martell - Odigo","isPartOf":{"@id":"https:\/\/odigo.com\/es\/#website"},"primaryImageOfPage":{"@id":"https:\/\/odigo.com\/es\/person\/flore-firino-martell\/#primaryimage"},"image":{"@id":"https:\/\/odigo.com\/es\/person\/flore-firino-martell\/#primaryimage"},"thumbnailUrl":"https:\/\/odigo.com\/wp-content\/uploads\/2022\/02\/Flore-Firino-copie.jpg","datePublished":"2026-02-22T15:58:32+00:00","dateModified":"2026-03-20T10:26:54+00:00","breadcrumb":{"@id":"https:\/\/odigo.com\/es\/person\/flore-firino-martell\/#breadcrumb"},"inLanguage":"es","potentialAction":[{"@type":"ReadAction","target":["https:\/\/odigo.com\/es\/person\/flore-firino-martell\/"]}]},{"@type":"ImageObject","inLanguage":"es","@id":"https:\/\/odigo.com\/es\/person\/flore-firino-martell\/#primaryimage","url":"https:\/\/odigo.com\/wp-content\/uploads\/2022\/02\/Flore-Firino-copie.jpg","contentUrl":"https:\/\/odigo.com\/wp-content\/uploads\/2022\/02\/Flore-Firino-copie.jpg","width":480,"height":480,"caption":"Flore-Firino"},{"@type":"BreadcrumbList","@id":"https:\/\/odigo.com\/es\/person\/flore-firino-martell\/#breadcrumb","itemListElement":[{"@type":"ListItem","position":1,"name":"Accueil","item":"https:\/\/odigo.com\/es\/inicio\/"},{"@type":"ListItem","position":2,"name":"Flore Firino-Martell"}]},{"@type":"WebSite","@id":"https:\/\/odigo.com\/es\/#website","url":"https:\/\/odigo.com\/es\/","name":"Odigo","description":"","publisher":{"@id":"https:\/\/odigo.com\/es\/#organization"},"potentialAction":[{"@type":"SearchAction","target":{"@type":"EntryPoint","urlTemplate":"https:\/\/odigo.com\/es\/?s={search_term_string}"},"query-input":{"@type":"PropertyValueSpecification","valueRequired":true,"valueName":"search_term_string"}}],"inLanguage":"es"},{"@type":"Organization","@id":"https:\/\/odigo.com\/es\/#organization","name":"Odigo","url":"https:\/\/odigo.com\/es\/","logo":{"@type":"ImageObject","inLanguage":"es","@id":"https:\/\/odigo.com\/es\/#\/schema\/logo\/image\/","url":"https:\/\/odigo.com\/wp-content\/uploads\/2026\/03\/logo-odigo.svg","contentUrl":"https:\/\/odigo.com\/wp-content\/uploads\/2026\/03\/logo-odigo.svg","caption":"Odigo"},"image":{"@id":"https:\/\/odigo.com\/es\/#\/schema\/logo\/image\/"}}]}</script>
<!-- / Yoast SEO plugin. -->

Tras licenciarse en la École des hautes études en sciences de l&#8217;information et de la communication &#8211; Celsa, Flore Firino Martell entró en el mundo de las relaciones con los clientes. Comenzó su carrera como asesora de clientes en la empresa de subcontratación Multilignes Conseil, antes de convertirse en directora general y vicepresidenta (Grupo Teleperformance) [&hellip;]
