{"id":10563,"date":"2026-02-22T16:58:32","date_gmt":"2026-02-22T15:58:32","guid":{"rendered":"https:\/\/www.odigo.com\/fr-fr\/?post_type=person&#038;p=10563"},"modified":"2026-02-22T16:58:32","modified_gmt":"2026-02-22T15:58:32","slug":"frederic-birrittieri","status":"publish","type":"person","link":"https:\/\/odigo.com\/fr\/person\/frederic-birrittieri\/","title":{"rendered":"Frederic Birrittieri"},"content":{"rendered":"<p>Dipl\u00f4m\u00e9 \u00e0 l&rsquo;Institut d&rsquo;\u00e9tudes politiques d&rsquo;Aix-en-Provence et de l&rsquo;\u00c9cole nationale sup\u00e9rieure de S\u00e9curit\u00e9 sociale (EN3S), Fr\u00e9d\u00e9ric Birrittieri a d\u00e9but\u00e9 sa vie professionnelle au sein du r\u00e9seau des Urssaf. Dans un premier temps, il a travaill\u00e9 sur les questions de relation de service aux grandes entreprises, avant de se tourner vers le management et la gestion de projet \u00e0 l\u2019Urssaf Ile-de-France. Dans cet organisme, Fr\u00e9d\u00e9ric Birrittieri s&rsquo;est pench\u00e9 sur les questions de d\u00e9ploiement de la D\u00e9claration sociale nominative (DSN) et la mise en \u0153uvre du pr\u00e9l\u00e8vement \u00e0 la source de l\u2019imp\u00f4t sur le revenu. Il y a 4 ans, il a d\u00e9cid\u00e9 de rejoindre la Caisse nationale d&rsquo;assurance vieillesse (CNAV) afin de cr\u00e9er en Ile-de-France une Direction de la relation assur\u00e9s.<\/p>\n","protected":false},"author":1,"featured_media":10578,"menu_order":58,"template":"","meta":{"_acf_changed":false,"person_position":"Directeur de la relation assur\u00e9s","person_company":"Caisse nationale d'assurance vieillesse (CNAV)","footnotes":""},"tags":[],"person-type":[],"topic":[],"class_list":["post-10563","person","type-person","status-publish","has-post-thumbnail","hentry"],"acf":{"photo_intervenant":null,"person-position":"","person-company":"","person_biography":"","custom-url":"","linkedin-url":"","twitter-url":""},"yoast_head":"<!-- This site is optimized with the Yoast SEO plugin v27.5 - https:\/\/yoast.com\/product\/yoast-seo-wordpress\/ -->\n<title>Frederic Birrittieri - Odigo<\/title>\n<meta name=\"robots\" content=\"noindex, follow\" \/>\n<meta property=\"og:locale\" content=\"fr_FR\" \/>\n<meta property=\"og:type\" content=\"article\" \/>\n<meta property=\"og:title\" content=\"Frederic Birrittieri - Odigo\" \/>\n<meta property=\"og:description\" content=\"Dipl\u00f4m\u00e9 \u00e0 l&rsquo;Institut d&rsquo;\u00e9tudes politiques d&rsquo;Aix-en-Provence et de l&rsquo;\u00c9cole nationale sup\u00e9rieure de S\u00e9curit\u00e9 sociale (EN3S), Fr\u00e9d\u00e9ric Birrittieri a d\u00e9but\u00e9 sa vie professionnelle au sein du r\u00e9seau des Urssaf. Dans un premier temps, il a travaill\u00e9 sur les questions de relation de service aux grandes entreprises, avant de se tourner vers le management et la gestion [&hellip;]\" \/>\n<meta property=\"og:url\" content=\"https:\/\/odigo.com\/fr\/person\/frederic-birrittieri\/\" \/>\n<meta property=\"og:site_name\" content=\"Odigo\" \/>\n<meta property=\"og:image\" content=\"https:\/\/odigo.com\/wp-content\/uploads\/2022\/02\/Fred-.jpg\" \/>\n\t<meta property=\"og:image:width\" content=\"569\" \/>\n\t<meta property=\"og:image:height\" content=\"569\" \/>\n\t<meta property=\"og:image:type\" content=\"image\/jpeg\" \/>\n<meta name=\"twitter:card\" content=\"summary_large_image\" \/>\n<meta name=\"twitter:label1\" content=\"Dur\u00e9e de lecture estim\u00e9e\" \/>\n\t<meta name=\"twitter:data1\" content=\"1 minute\" \/>\n<script type=\"application\/ld+json\" class=\"yoast-schema-graph\">{\"@context\":\"https:\\\/\\\/schema.org\",\"@graph\":[{\"@type\":\"WebPage\",\"@id\":\"https:\\\/\\\/odigo.com\\\/fr\\\/person\\\/frederic-birrittieri\\\/\",\"url\":\"https:\\\/\\\/odigo.com\\\/fr\\\/person\\\/frederic-birrittieri\\\/\",\"name\":\"Frederic Birrittieri - Odigo\",\"isPartOf\":{\"@id\":\"https:\\\/\\\/odigo.com\\\/fr\\\/#website\"},\"primaryImageOfPage\":{\"@id\":\"https:\\\/\\\/odigo.com\\\/fr\\\/person\\\/frederic-birrittieri\\\/#primaryimage\"},\"image\":{\"@id\":\"https:\\\/\\\/odigo.com\\\/fr\\\/person\\\/frederic-birrittieri\\\/#primaryimage\"},\"thumbnailUrl\":\"https:\\\/\\\/odigo.com\\\/wp-content\\\/uploads\\\/2022\\\/02\\\/Fred-.jpg\",\"datePublished\":\"2026-02-22T15:58:32+00:00\",\"breadcrumb\":{\"@id\":\"https:\\\/\\\/odigo.com\\\/fr\\\/person\\\/frederic-birrittieri\\\/#breadcrumb\"},\"inLanguage\":\"fr-FR\",\"potentialAction\":[{\"@type\":\"ReadAction\",\"target\":[\"https:\\\/\\\/odigo.com\\\/fr\\\/person\\\/frederic-birrittieri\\\/\"]}]},{\"@type\":\"ImageObject\",\"inLanguage\":\"fr-FR\",\"@id\":\"https:\\\/\\\/odigo.com\\\/fr\\\/person\\\/frederic-birrittieri\\\/#primaryimage\",\"url\":\"https:\\\/\\\/odigo.com\\\/wp-content\\\/uploads\\\/2022\\\/02\\\/Fred-.jpg\",\"contentUrl\":\"https:\\\/\\\/odigo.com\\\/wp-content\\\/uploads\\\/2022\\\/02\\\/Fred-.jpg\",\"width\":569,\"height\":569},{\"@type\":\"BreadcrumbList\",\"@id\":\"https:\\\/\\\/odigo.com\\\/fr\\\/person\\\/frederic-birrittieri\\\/#breadcrumb\",\"itemListElement\":[{\"@type\":\"ListItem\",\"position\":1,\"name\":\"Accueil\",\"item\":\"https:\\\/\\\/odigo.com\\\/fr\\\/\"},{\"@type\":\"ListItem\",\"position\":2,\"name\":\"Frederic Birrittieri\"}]},{\"@type\":\"WebSite\",\"@id\":\"https:\\\/\\\/odigo.com\\\/fr\\\/#website\",\"url\":\"https:\\\/\\\/odigo.com\\\/fr\\\/\",\"name\":\"Odigo\",\"description\":\"\",\"publisher\":{\"@id\":\"https:\\\/\\\/odigo.com\\\/fr\\\/#organization\"},\"potentialAction\":[{\"@type\":\"SearchAction\",\"target\":{\"@type\":\"EntryPoint\",\"urlTemplate\":\"https:\\\/\\\/odigo.com\\\/fr\\\/?s={search_term_string}\"},\"query-input\":{\"@type\":\"PropertyValueSpecification\",\"valueRequired\":true,\"valueName\":\"search_term_string\"}}],\"inLanguage\":\"fr-FR\"},{\"@type\":\"Organization\",\"@id\":\"https:\\\/\\\/odigo.com\\\/fr\\\/#organization\",\"name\":\"Odigo\",\"url\":\"https:\\\/\\\/odigo.com\\\/fr\\\/\",\"logo\":{\"@type\":\"ImageObject\",\"inLanguage\":\"fr-FR\",\"@id\":\"https:\\\/\\\/odigo.com\\\/fr\\\/#\\\/schema\\\/logo\\\/image\\\/\",\"url\":\"https:\\\/\\\/odigo.com\\\/wp-content\\\/uploads\\\/2026\\\/03\\\/logo-odigo.svg\",\"contentUrl\":\"https:\\\/\\\/odigo.com\\\/wp-content\\\/uploads\\\/2026\\\/03\\\/logo-odigo.svg\",\"width\":142,\"height\":63,\"caption\":\"Odigo\"},\"image\":{\"@id\":\"https:\\\/\\\/odigo.com\\\/fr\\\/#\\\/schema\\\/logo\\\/image\\\/\"}}]}<\/script>\n<!-- \/ Yoast SEO plugin. -->","yoast_head_json":{"title":"Frederic Birrittieri - Odigo","robots":{"index":"noindex","follow":"follow"},"og_locale":"fr_FR","og_type":"article","og_title":"Frederic Birrittieri - Odigo","og_description":"Dipl\u00f4m\u00e9 \u00e0 l&rsquo;Institut d&rsquo;\u00e9tudes politiques d&rsquo;Aix-en-Provence et de l&rsquo;\u00c9cole nationale sup\u00e9rieure de S\u00e9curit\u00e9 sociale (EN3S), Fr\u00e9d\u00e9ric Birrittieri a d\u00e9but\u00e9 sa vie professionnelle au sein du r\u00e9seau des Urssaf. Dans un premier temps, il a travaill\u00e9 sur les questions de relation de service aux grandes entreprises, avant de se tourner vers le management et la gestion [&hellip;]","og_url":"https:\/\/odigo.com\/fr\/person\/frederic-birrittieri\/","og_site_name":"Odigo","og_image":[{"width":569,"height":569,"url":"https:\/\/odigo.com\/wp-content\/uploads\/2022\/02\/Fred-.jpg","type":"image\/jpeg"}],"twitter_card":"summary_large_image","twitter_misc":{"Dur\u00e9e de lecture estim\u00e9e":"1 minute"},"schema":{"@context":"https:\/\/schema.org","@graph":[{"@type":"WebPage","@id":"https:\/\/odigo.com\/fr\/person\/frederic-birrittieri\/","url":"https:\/\/odigo.com\/fr\/person\/frederic-birrittieri\/","name":"Frederic Birrittieri - Odigo","isPartOf":{"@id":"https:\/\/odigo.com\/fr\/#website"},"primaryImageOfPage":{"@id":"https:\/\/odigo.com\/fr\/person\/frederic-birrittieri\/#primaryimage"},"image":{"@id":"https:\/\/odigo.com\/fr\/person\/frederic-birrittieri\/#primaryimage"},"thumbnailUrl":"https:\/\/odigo.com\/wp-content\/uploads\/2022\/02\/Fred-.jpg","datePublished":"2026-02-22T15:58:32+00:00","breadcrumb":{"@id":"https:\/\/odigo.com\/fr\/person\/frederic-birrittieri\/#breadcrumb"},"inLanguage":"fr-FR","potentialAction":[{"@type":"ReadAction","target":["https:\/\/odigo.com\/fr\/person\/frederic-birrittieri\/"]}]},{"@type":"ImageObject","inLanguage":"fr-FR","@id":"https:\/\/odigo.com\/fr\/person\/frederic-birrittieri\/#primaryimage","url":"https:\/\/odigo.com\/wp-content\/uploads\/2022\/02\/Fred-.jpg","contentUrl":"https:\/\/odigo.com\/wp-content\/uploads\/2022\/02\/Fred-.jpg","width":569,"height":569},{"@type":"BreadcrumbList","@id":"https:\/\/odigo.com\/fr\/person\/frederic-birrittieri\/#breadcrumb","itemListElement":[{"@type":"ListItem","position":1,"name":"Accueil","item":"https:\/\/odigo.com\/fr\/"},{"@type":"ListItem","position":2,"name":"Frederic Birrittieri"}]},{"@type":"WebSite","@id":"https:\/\/odigo.com\/fr\/#website","url":"https:\/\/odigo.com\/fr\/","name":"Odigo","description":"","publisher":{"@id":"https:\/\/odigo.com\/fr\/#organization"},"potentialAction":[{"@type":"SearchAction","target":{"@type":"EntryPoint","urlTemplate":"https:\/\/odigo.com\/fr\/?s={search_term_string}"},"query-input":{"@type":"PropertyValueSpecification","valueRequired":true,"valueName":"search_term_string"}}],"inLanguage":"fr-FR"},{"@type":"Organization","@id":"https:\/\/odigo.com\/fr\/#organization","name":"Odigo","url":"https:\/\/odigo.com\/fr\/","logo":{"@type":"ImageObject","inLanguage":"fr-FR","@id":"https:\/\/odigo.com\/fr\/#\/schema\/logo\/image\/","url":"https:\/\/odigo.com\/wp-content\/uploads\/2026\/03\/logo-odigo.svg","contentUrl":"https:\/\/odigo.com\/wp-content\/uploads\/2026\/03\/logo-odigo.svg","width":142,"height":63,"caption":"Odigo"},"image":{"@id":"https:\/\/odigo.com\/fr\/#\/schema\/logo\/image\/"}}]}},"_links":{"self":[{"href":"https:\/\/odigo.com\/fr\/wp-json\/wp\/v2\/person\/10563","targetHints":{"allow":["GET"]}}],"collection":[{"href":"https:\/\/odigo.com\/fr\/wp-json\/wp\/v2\/person"}],"about":[{"href":"https:\/\/odigo.com\/fr\/wp-json\/wp\/v2\/types\/person"}],"author":[{"embeddable":true,"href":"https:\/\/odigo.com\/fr\/wp-json\/wp\/v2\/users\/1"}],"version-history":[{"count":1,"href":"https:\/\/odigo.com\/fr\/wp-json\/wp\/v2\/person\/10563\/revisions"}],"predecessor-version":[{"id":196840,"href":"https:\/\/odigo.com\/fr\/wp-json\/wp\/v2\/person\/10563\/revisions\/196840"}],"wp:featuredmedia":[{"embeddable":true,"href":"https:\/\/odigo.com\/fr\/wp-json\/wp\/v2\/media\/10578"}],"wp:attachment":[{"href":"https:\/\/odigo.com\/fr\/wp-json\/wp\/v2\/media?parent=10563"}],"wp:term":[{"taxonomy":"post_tag","embeddable":true,"href":"https:\/\/odigo.com\/fr\/wp-json\/wp\/v2\/tags?post=10563"},{"taxonomy":"person-type","embeddable":true,"href":"https:\/\/odigo.com\/fr\/wp-json\/wp\/v2\/person-type?post=10563"},{"taxonomy":"topic","embeddable":true,"href":"https:\/\/odigo.com\/fr\/wp-json\/wp\/v2\/topic?post=10563"}],"curies":[{"name":"wp","href":"https:\/\/api.w.org\/{rel}","templated":true}]}}

<p>Diplômé à l&rsquo;Institut d&rsquo;études politiques d&rsquo;Aix-en-Provence et de l&rsquo;École nationale supérieure de Sécurité sociale (EN3S), Frédéric Birrittieri a débuté sa vie professionnelle au sein du réseau des Urssaf. Dans un premier temps, il a travaillé sur les questions de relation de service aux grandes entreprises, avant de se tourner vers le management et la gestion de projet à l’Urssaf Ile-de-France. Dans cet organisme, Frédéric Birrittieri s&rsquo;est penché sur les questions de déploiement de la Déclaration sociale nominative (DSN) et la mise en œuvre du prélèvement à la source de l’impôt sur le revenu. Il y a 4 ans, il a décidé de rejoindre la Caisse nationale d&rsquo;assurance vieillesse (CNAV) afin de créer en Ile-de-France une Direction de la relation assurés.</p>

Directeur de la relation assurés

<!-- This site is optimized with the Yoast SEO plugin v27.5 - https://yoast.com/product/yoast-seo-wordpress/ -->
<title>Frederic Birrittieri - Odigo</title>
<meta name="robots" content="noindex, follow" />
<meta property="og:locale" content="fr_FR" />
<meta property="og:type" content="article" />
<meta property="og:title" content="Frederic Birrittieri - Odigo" />
<meta property="og:description" content="Diplômé à l&rsquo;Institut d&rsquo;études politiques d&rsquo;Aix-en-Provence et de l&rsquo;École nationale supérieure de Sécurité sociale (EN3S), Frédéric Birrittieri a débuté sa vie professionnelle au sein du réseau des Urssaf. Dans un premier temps, il a travaillé sur les questions de relation de service aux grandes entreprises, avant de se tourner vers le management et la gestion [&hellip;]" />
<meta property="og:url" content="https://odigo.com/fr/person/frederic-birrittieri/" />
<meta property="og:site_name" content="Odigo" />
<meta property="og:image" content="https://odigo.com/wp-content/uploads/2022/02/Fred-.jpg" />
	<meta property="og:image:width" content="569" />
	<meta property="og:image:height" content="569" />
	<meta property="og:image:type" content="image/jpeg" />
<meta name="twitter:card" content="summary_large_image" />
<meta name="twitter:label1" content="Durée de lecture estimée" />
	<meta name="twitter:data1" content="1 minute" />
<script type="application/ld+json" class="yoast-schema-graph">{"@context":"https:\/\/schema.org","@graph":[{"@type":"WebPage","@id":"https:\/\/odigo.com\/fr\/person\/frederic-birrittieri\/","url":"https:\/\/odigo.com\/fr\/person\/frederic-birrittieri\/","name":"Frederic Birrittieri - Odigo","isPartOf":{"@id":"https:\/\/odigo.com\/fr\/#website"},"primaryImageOfPage":{"@id":"https:\/\/odigo.com\/fr\/person\/frederic-birrittieri\/#primaryimage"},"image":{"@id":"https:\/\/odigo.com\/fr\/person\/frederic-birrittieri\/#primaryimage"},"thumbnailUrl":"https:\/\/odigo.com\/wp-content\/uploads\/2022\/02\/Fred-.jpg","datePublished":"2026-02-22T15:58:32+00:00","breadcrumb":{"@id":"https:\/\/odigo.com\/fr\/person\/frederic-birrittieri\/#breadcrumb"},"inLanguage":"fr-FR","potentialAction":[{"@type":"ReadAction","target":["https:\/\/odigo.com\/fr\/person\/frederic-birrittieri\/"]}]},{"@type":"ImageObject","inLanguage":"fr-FR","@id":"https:\/\/odigo.com\/fr\/person\/frederic-birrittieri\/#primaryimage","url":"https:\/\/odigo.com\/wp-content\/uploads\/2022\/02\/Fred-.jpg","contentUrl":"https:\/\/odigo.com\/wp-content\/uploads\/2022\/02\/Fred-.jpg","width":569,"height":569},{"@type":"BreadcrumbList","@id":"https:\/\/odigo.com\/fr\/person\/frederic-birrittieri\/#breadcrumb","itemListElement":[{"@type":"ListItem","position":1,"name":"Accueil","item":"https:\/\/odigo.com\/fr\/"},{"@type":"ListItem","position":2,"name":"Frederic Birrittieri"}]},{"@type":"WebSite","@id":"https:\/\/odigo.com\/fr\/#website","url":"https:\/\/odigo.com\/fr\/","name":"Odigo","description":"","publisher":{"@id":"https:\/\/odigo.com\/fr\/#organization"},"potentialAction":[{"@type":"SearchAction","target":{"@type":"EntryPoint","urlTemplate":"https:\/\/odigo.com\/fr\/?s={search_term_string}"},"query-input":{"@type":"PropertyValueSpecification","valueRequired":true,"valueName":"search_term_string"}}],"inLanguage":"fr-FR"},{"@type":"Organization","@id":"https:\/\/odigo.com\/fr\/#organization","name":"Odigo","url":"https:\/\/odigo.com\/fr\/","logo":{"@type":"ImageObject","inLanguage":"fr-FR","@id":"https:\/\/odigo.com\/fr\/#\/schema\/logo\/image\/","url":"https:\/\/odigo.com\/wp-content\/uploads\/2026\/03\/logo-odigo.svg","contentUrl":"https:\/\/odigo.com\/wp-content\/uploads\/2026\/03\/logo-odigo.svg","width":142,"height":63,"caption":"Odigo"},"image":{"@id":"https:\/\/odigo.com\/fr\/#\/schema\/logo\/image\/"}}]}</script>
<!-- / Yoast SEO plugin. -->

Diplômé à l&rsquo;Institut d&rsquo;études politiques d&rsquo;Aix-en-Provence et de l&rsquo;École nationale supérieure de Sécurité sociale (EN3S), Frédéric Birrittieri a débuté sa vie professionnelle au sein du réseau des Urssaf. Dans un premier temps, il a travaillé sur les questions de relation de service aux grandes entreprises, avant de se tourner vers le management et la gestion [&hellip;]
