{"id":2532,"date":"2026-02-22T16:58:33","date_gmt":"2026-02-22T15:58:33","guid":{"rendered":"https:\/\/www.odigo.com\/?post_type=person&#038;p=2532"},"modified":"2026-02-22T16:58:33","modified_gmt":"2026-02-22T15:58:33","slug":"marie-verchere","status":"publish","type":"person","link":"https:\/\/odigo.com\/fr\/person\/marie-verchere\/","title":{"rendered":"Marie Verch\u00e8re"},"content":{"rendered":"","protected":false},"author":1,"featured_media":11967,"menu_order":90,"template":"","meta":{"_acf_changed":false,"person_position":"Director of CX Consulting chez Odigo","person_company":"Odigo","footnotes":""},"tags":[],"person-type":[108,134],"topic":[],"class_list":["post-2532","person","type-person","status-publish","has-post-thumbnail","hentry","person-type-author","person-type-expert"],"acf":{"photo_intervenant":null,"person-position":"","person-company":"","person_biography":"<p>Marie Verchere est titulaire d'un master en finance d'entreprise et a un parcours professionnel riche, dans le domaine de l'analyse factuelle des entreprises. Gr\u00e2ce \u00e0 une premi\u00e8re exp\u00e9rience au sein d'une soci\u00e9t\u00e9 de fusion et d'acquisition, Marie d\u00e9veloppe une approche m\u00e9thodique de l'\u00e9valuation des soci\u00e9t\u00e9s, ce qui lui permet d\u2019acqu\u00e9rir de l'exp\u00e9rience dans des secteurs vari\u00e9s.<\/p>\n<p>Elle a effectu\u00e9 une grande partie de sa carri\u00e8re chez Prosodie-Capgemini, qu\u2019elle int\u00e8gre en 2012, au service conseil. Cette \u00e9tape professionnelle l\u2019a conduite vers le monde de l'exp\u00e9rience client et des centres de contacts. Gr\u00e2ce \u00e0 des m\u00e9thodes quantitatives et qualitatives, Marie commence son activit\u00e9 d'audit des centres de contacts, anime des ateliers et analyse les strat\u00e9gies pour d\u00e9terminer leur impact sur la satisfaction client.<\/p>\n<p>En 2015, Marie travaille pour Capgemini Invent o\u00f9 elle d\u00e9veloppe ses comp\u00e9tences et son exp\u00e9rience dans le domaine du conseil en exp\u00e9rience client. Son analyse et ses pr\u00e9cieux conseils sont le fruit d\u2019une compr\u00e9hension approfondie des processus de travail, des priorit\u00e9s et des difficult\u00e9s rencontr\u00e9es dans les centres de contacts. \u00c0 ce poste, elle acquiert une exp\u00e9rience directe en assumant la gestion de projets et la coordination pour maximiser le d\u00e9ploiement.<\/p>\n<p>En 2020, Marie devient directrice adjointe d'Odigo Experience Services et poursuit sa passion pour la qualit\u00e9 de service. Apr\u00e8s avoir analys\u00e9 en profondeur les besoins de leur centre de contacts, elle aide les clients d'Odigo \u00e0 d\u00e9ployer ses recommandations orient\u00e9es consommateurs, en utilisant la technologie au service de l\u2019humain.<\/p>\n<p>Elle reste inform\u00e9e sur les cas d\u2019usage et mises en application concr\u00e8tes de solutions pratiques pour conseiller les centres de contacts, accompagner leur \u00e9volution et optimiser leurs services. Sa mission exige \u00e0 la fois de l\u2019imagination pour envisager des pistes de d\u00e9veloppement, et de l\u2019organisation, pour planifier et g\u00e9rer les possibles difficult\u00e9s et cons\u00e9quences des changements qu'elle aide \u00e0 impl\u00e9menter.<\/p>\n<p>Sa connaissance d\u00e9taill\u00e9e des mod\u00e8les d'activit\u00e9 et de l\u2019environnement interconnect\u00e9 des centres de contacts font de Marie une experte dans la sym\u00e9trie des attentions, une d\u00e9marche visant \u00e0 optimiser les performances et les b\u00e9n\u00e9fices du lien entre l'exp\u00e9rience conseiller et l'exp\u00e9rience client.<\/p>\n","custom-url":"","linkedin-url":"https:\/\/www.linkedin.com\/in\/marieverchere\/","twitter-url":""},"yoast_head":"<!-- This site is optimized with the Yoast SEO plugin v27.5 - https:\/\/yoast.com\/product\/yoast-seo-wordpress\/ -->\n<title>Marie Verch\u00e8re - Odigo<\/title>\n<meta name=\"robots\" content=\"index, follow, max-snippet:-1, max-image-preview:large, max-video-preview:-1\" \/>\n<link rel=\"canonical\" href=\"https:\/\/odigo.com\/fr\/person\/marie-verchere\/\" \/>\n<meta property=\"og:locale\" content=\"fr_FR\" \/>\n<meta property=\"og:type\" content=\"article\" \/>\n<meta property=\"og:title\" content=\"Marie Verch\u00e8re - Odigo\" \/>\n<meta property=\"og:url\" content=\"https:\/\/odigo.com\/fr\/person\/marie-verchere\/\" \/>\n<meta property=\"og:site_name\" content=\"Odigo\" \/>\n<meta property=\"og:image\" content=\"https:\/\/odigo.com\/wp-content\/uploads\/2021\/04\/2021-04-29_Odigo-v2_People-photos_Marie-Vechere_500x500px_Opt1_v1_MAK-1.jpg\" \/>\n\t<meta property=\"og:image:width\" content=\"500\" \/>\n\t<meta property=\"og:image:height\" content=\"500\" \/>\n\t<meta property=\"og:image:type\" content=\"image\/jpeg\" \/>\n<meta name=\"twitter:card\" content=\"summary_large_image\" \/>\n<meta name=\"twitter:label1\" content=\"Dur\u00e9e de lecture estim\u00e9e\" \/>\n\t<meta name=\"twitter:data1\" content=\"1 minute\" \/>\n<script type=\"application\/ld+json\" class=\"yoast-schema-graph\">{\"@context\":\"https:\\\/\\\/schema.org\",\"@graph\":[{\"@type\":\"WebPage\",\"@id\":\"https:\\\/\\\/odigo.com\\\/fr\\\/person\\\/marie-verchere\\\/\",\"url\":\"https:\\\/\\\/odigo.com\\\/fr\\\/person\\\/marie-verchere\\\/\",\"name\":\"Marie Verch\u00e8re - Odigo\",\"isPartOf\":{\"@id\":\"https:\\\/\\\/odigo.com\\\/fr\\\/#website\"},\"primaryImageOfPage\":{\"@id\":\"https:\\\/\\\/odigo.com\\\/fr\\\/person\\\/marie-verchere\\\/#primaryimage\"},\"image\":{\"@id\":\"https:\\\/\\\/odigo.com\\\/fr\\\/person\\\/marie-verchere\\\/#primaryimage\"},\"thumbnailUrl\":\"https:\\\/\\\/odigo.com\\\/wp-content\\\/uploads\\\/2021\\\/04\\\/2021-04-29_Odigo-v2_People-photos_Marie-Vechere_500x500px_Opt1_v1_MAK-1.jpg\",\"datePublished\":\"2026-02-22T15:58:33+00:00\",\"breadcrumb\":{\"@id\":\"https:\\\/\\\/odigo.com\\\/fr\\\/person\\\/marie-verchere\\\/#breadcrumb\"},\"inLanguage\":\"fr-FR\",\"potentialAction\":[{\"@type\":\"ReadAction\",\"target\":[\"https:\\\/\\\/odigo.com\\\/fr\\\/person\\\/marie-verchere\\\/\"]}]},{\"@type\":\"ImageObject\",\"inLanguage\":\"fr-FR\",\"@id\":\"https:\\\/\\\/odigo.com\\\/fr\\\/person\\\/marie-verchere\\\/#primaryimage\",\"url\":\"https:\\\/\\\/odigo.com\\\/wp-content\\\/uploads\\\/2021\\\/04\\\/2021-04-29_Odigo-v2_People-photos_Marie-Vechere_500x500px_Opt1_v1_MAK-1.jpg\",\"contentUrl\":\"https:\\\/\\\/odigo.com\\\/wp-content\\\/uploads\\\/2021\\\/04\\\/2021-04-29_Odigo-v2_People-photos_Marie-Vechere_500x500px_Opt1_v1_MAK-1.jpg\",\"width\":500,\"height\":500},{\"@type\":\"BreadcrumbList\",\"@id\":\"https:\\\/\\\/odigo.com\\\/fr\\\/person\\\/marie-verchere\\\/#breadcrumb\",\"itemListElement\":[{\"@type\":\"ListItem\",\"position\":1,\"name\":\"Accueil\",\"item\":\"https:\\\/\\\/odigo.com\\\/fr\\\/\"},{\"@type\":\"ListItem\",\"position\":2,\"name\":\"Marie Verch\u00e8re\"}]},{\"@type\":\"WebSite\",\"@id\":\"https:\\\/\\\/odigo.com\\\/fr\\\/#website\",\"url\":\"https:\\\/\\\/odigo.com\\\/fr\\\/\",\"name\":\"Odigo\",\"description\":\"\",\"publisher\":{\"@id\":\"https:\\\/\\\/odigo.com\\\/fr\\\/#organization\"},\"potentialAction\":[{\"@type\":\"SearchAction\",\"target\":{\"@type\":\"EntryPoint\",\"urlTemplate\":\"https:\\\/\\\/odigo.com\\\/fr\\\/?s={search_term_string}\"},\"query-input\":{\"@type\":\"PropertyValueSpecification\",\"valueRequired\":true,\"valueName\":\"search_term_string\"}}],\"inLanguage\":\"fr-FR\"},{\"@type\":\"Organization\",\"@id\":\"https:\\\/\\\/odigo.com\\\/fr\\\/#organization\",\"name\":\"Odigo\",\"url\":\"https:\\\/\\\/odigo.com\\\/fr\\\/\",\"logo\":{\"@type\":\"ImageObject\",\"inLanguage\":\"fr-FR\",\"@id\":\"https:\\\/\\\/odigo.com\\\/fr\\\/#\\\/schema\\\/logo\\\/image\\\/\",\"url\":\"https:\\\/\\\/odigo.com\\\/wp-content\\\/uploads\\\/2026\\\/03\\\/logo-odigo.svg\",\"contentUrl\":\"https:\\\/\\\/odigo.com\\\/wp-content\\\/uploads\\\/2026\\\/03\\\/logo-odigo.svg\",\"width\":142,\"height\":63,\"caption\":\"Odigo\"},\"image\":{\"@id\":\"https:\\\/\\\/odigo.com\\\/fr\\\/#\\\/schema\\\/logo\\\/image\\\/\"}}]}<\/script>\n<!-- \/ Yoast SEO plugin. -->","yoast_head_json":{"title":"Marie Verch\u00e8re - Odigo","robots":{"index":"index","follow":"follow","max-snippet":"max-snippet:-1","max-image-preview":"max-image-preview:large","max-video-preview":"max-video-preview:-1"},"canonical":"https:\/\/odigo.com\/fr\/person\/marie-verchere\/","og_locale":"fr_FR","og_type":"article","og_title":"Marie Verch\u00e8re - Odigo","og_url":"https:\/\/odigo.com\/fr\/person\/marie-verchere\/","og_site_name":"Odigo","og_image":[{"width":500,"height":500,"url":"https:\/\/odigo.com\/wp-content\/uploads\/2021\/04\/2021-04-29_Odigo-v2_People-photos_Marie-Vechere_500x500px_Opt1_v1_MAK-1.jpg","type":"image\/jpeg"}],"twitter_card":"summary_large_image","twitter_misc":{"Dur\u00e9e de lecture estim\u00e9e":"1 minute"},"schema":{"@context":"https:\/\/schema.org","@graph":[{"@type":"WebPage","@id":"https:\/\/odigo.com\/fr\/person\/marie-verchere\/","url":"https:\/\/odigo.com\/fr\/person\/marie-verchere\/","name":"Marie Verch\u00e8re - Odigo","isPartOf":{"@id":"https:\/\/odigo.com\/fr\/#website"},"primaryImageOfPage":{"@id":"https:\/\/odigo.com\/fr\/person\/marie-verchere\/#primaryimage"},"image":{"@id":"https:\/\/odigo.com\/fr\/person\/marie-verchere\/#primaryimage"},"thumbnailUrl":"https:\/\/odigo.com\/wp-content\/uploads\/2021\/04\/2021-04-29_Odigo-v2_People-photos_Marie-Vechere_500x500px_Opt1_v1_MAK-1.jpg","datePublished":"2026-02-22T15:58:33+00:00","breadcrumb":{"@id":"https:\/\/odigo.com\/fr\/person\/marie-verchere\/#breadcrumb"},"inLanguage":"fr-FR","potentialAction":[{"@type":"ReadAction","target":["https:\/\/odigo.com\/fr\/person\/marie-verchere\/"]}]},{"@type":"ImageObject","inLanguage":"fr-FR","@id":"https:\/\/odigo.com\/fr\/person\/marie-verchere\/#primaryimage","url":"https:\/\/odigo.com\/wp-content\/uploads\/2021\/04\/2021-04-29_Odigo-v2_People-photos_Marie-Vechere_500x500px_Opt1_v1_MAK-1.jpg","contentUrl":"https:\/\/odigo.com\/wp-content\/uploads\/2021\/04\/2021-04-29_Odigo-v2_People-photos_Marie-Vechere_500x500px_Opt1_v1_MAK-1.jpg","width":500,"height":500},{"@type":"BreadcrumbList","@id":"https:\/\/odigo.com\/fr\/person\/marie-verchere\/#breadcrumb","itemListElement":[{"@type":"ListItem","position":1,"name":"Accueil","item":"https:\/\/odigo.com\/fr\/"},{"@type":"ListItem","position":2,"name":"Marie Verch\u00e8re"}]},{"@type":"WebSite","@id":"https:\/\/odigo.com\/fr\/#website","url":"https:\/\/odigo.com\/fr\/","name":"Odigo","description":"","publisher":{"@id":"https:\/\/odigo.com\/fr\/#organization"},"potentialAction":[{"@type":"SearchAction","target":{"@type":"EntryPoint","urlTemplate":"https:\/\/odigo.com\/fr\/?s={search_term_string}"},"query-input":{"@type":"PropertyValueSpecification","valueRequired":true,"valueName":"search_term_string"}}],"inLanguage":"fr-FR"},{"@type":"Organization","@id":"https:\/\/odigo.com\/fr\/#organization","name":"Odigo","url":"https:\/\/odigo.com\/fr\/","logo":{"@type":"ImageObject","inLanguage":"fr-FR","@id":"https:\/\/odigo.com\/fr\/#\/schema\/logo\/image\/","url":"https:\/\/odigo.com\/wp-content\/uploads\/2026\/03\/logo-odigo.svg","contentUrl":"https:\/\/odigo.com\/wp-content\/uploads\/2026\/03\/logo-odigo.svg","width":142,"height":63,"caption":"Odigo"},"image":{"@id":"https:\/\/odigo.com\/fr\/#\/schema\/logo\/image\/"}}]}},"_links":{"self":[{"href":"https:\/\/odigo.com\/fr\/wp-json\/wp\/v2\/person\/2532","targetHints":{"allow":["GET"]}}],"collection":[{"href":"https:\/\/odigo.com\/fr\/wp-json\/wp\/v2\/person"}],"about":[{"href":"https:\/\/odigo.com\/fr\/wp-json\/wp\/v2\/types\/person"}],"author":[{"embeddable":true,"href":"https:\/\/odigo.com\/fr\/wp-json\/wp\/v2\/users\/1"}],"version-history":[{"count":1,"href":"https:\/\/odigo.com\/fr\/wp-json\/wp\/v2\/person\/2532\/revisions"}],"predecessor-version":[{"id":196886,"href":"https:\/\/odigo.com\/fr\/wp-json\/wp\/v2\/person\/2532\/revisions\/196886"}],"wp:featuredmedia":[{"embeddable":true,"href":"https:\/\/odigo.com\/fr\/wp-json\/wp\/v2\/media\/11967"}],"wp:attachment":[{"href":"https:\/\/odigo.com\/fr\/wp-json\/wp\/v2\/media?parent=2532"}],"wp:term":[{"taxonomy":"post_tag","embeddable":true,"href":"https:\/\/odigo.com\/fr\/wp-json\/wp\/v2\/tags?post=2532"},{"taxonomy":"person-type","embeddable":true,"href":"https:\/\/odigo.com\/fr\/wp-json\/wp\/v2\/person-type?post=2532"},{"taxonomy":"topic","embeddable":true,"href":"https:\/\/odigo.com\/fr\/wp-json\/wp\/v2\/topic?post=2532"}],"curies":[{"name":"wp","href":"https:\/\/api.w.org\/{rel}","templated":true}]}}

Marie Verchère

<p>Marie Verchere est titulaire d'un master en finance d'entreprise et a un parcours professionnel riche, dans le domaine de l'analyse factuelle des entreprises. Grâce à une première expérience au sein d'une société de fusion et d'acquisition, Marie développe une approche méthodique de l'évaluation des sociétés, ce qui lui permet d’acquérir de l'expérience dans des secteurs variés.</p>
<p>Elle a effectué une grande partie de sa carrière chez Prosodie-Capgemini, qu’elle intègre en 2012, au service conseil. Cette étape professionnelle l’a conduite vers le monde de l'expérience client et des centres de contacts. Grâce à des méthodes quantitatives et qualitatives, Marie commence son activité d'audit des centres de contacts, anime des ateliers et analyse les stratégies pour déterminer leur impact sur la satisfaction client.</p>
<p>En 2015, Marie travaille pour Capgemini Invent où elle développe ses compétences et son expérience dans le domaine du conseil en expérience client. Son analyse et ses précieux conseils sont le fruit d’une compréhension approfondie des processus de travail, des priorités et des difficultés rencontrées dans les centres de contacts. À ce poste, elle acquiert une expérience directe en assumant la gestion de projets et la coordination pour maximiser le déploiement.</p>
<p>En 2020, Marie devient directrice adjointe d'Odigo Experience Services et poursuit sa passion pour la qualité de service. Après avoir analysé en profondeur les besoins de leur centre de contacts, elle aide les clients d'Odigo à déployer ses recommandations orientées consommateurs, en utilisant la technologie au service de l’humain.</p>
<p>Elle reste informée sur les cas d’usage et mises en application concrètes de solutions pratiques pour conseiller les centres de contacts, accompagner leur évolution et optimiser leurs services. Sa mission exige à la fois de l’imagination pour envisager des pistes de développement, et de l’organisation, pour planifier et gérer les possibles difficultés et conséquences des changements qu'elle aide à implémenter.</p>
<p>Sa connaissance détaillée des modèles d'activité et de l’environnement interconnecté des centres de contacts font de Marie une experte dans la symétrie des attentions, une démarche visant à optimiser les performances et les bénéfices du lien entre l'expérience conseiller et l'expérience client.</p>

<!-- This site is optimized with the Yoast SEO plugin v27.5 - https://yoast.com/product/yoast-seo-wordpress/ -->
<title>Marie Verchère - Odigo</title>
<meta name="robots" content="index, follow, max-snippet:-1, max-image-preview:large, max-video-preview:-1" />
<link rel="canonical" href="https://odigo.com/fr/person/marie-verchere/" />
<meta property="og:locale" content="fr_FR" />
<meta property="og:type" content="article" />
<meta property="og:title" content="Marie Verchère - Odigo" />
<meta property="og:url" content="https://odigo.com/fr/person/marie-verchere/" />
<meta property="og:site_name" content="Odigo" />
<meta property="og:image" content="https://odigo.com/wp-content/uploads/2021/04/2021-04-29_Odigo-v2_People-photos_Marie-Vechere_500x500px_Opt1_v1_MAK-1.jpg" />
	<meta property="og:image:width" content="500" />
	<meta property="og:image:height" content="500" />
	<meta property="og:image:type" content="image/jpeg" />
<meta name="twitter:card" content="summary_large_image" />
<meta name="twitter:label1" content="Durée de lecture estimée" />
	<meta name="twitter:data1" content="1 minute" />
<script type="application/ld+json" class="yoast-schema-graph">{"@context":"https:\/\/schema.org","@graph":[{"@type":"WebPage","@id":"https:\/\/odigo.com\/fr\/person\/marie-verchere\/","url":"https:\/\/odigo.com\/fr\/person\/marie-verchere\/","name":"Marie Verchère - Odigo","isPartOf":{"@id":"https:\/\/odigo.com\/fr\/#website"},"primaryImageOfPage":{"@id":"https:\/\/odigo.com\/fr\/person\/marie-verchere\/#primaryimage"},"image":{"@id":"https:\/\/odigo.com\/fr\/person\/marie-verchere\/#primaryimage"},"thumbnailUrl":"https:\/\/odigo.com\/wp-content\/uploads\/2021\/04\/2021-04-29_Odigo-v2_People-photos_Marie-Vechere_500x500px_Opt1_v1_MAK-1.jpg","datePublished":"2026-02-22T15:58:33+00:00","breadcrumb":{"@id":"https:\/\/odigo.com\/fr\/person\/marie-verchere\/#breadcrumb"},"inLanguage":"fr-FR","potentialAction":[{"@type":"ReadAction","target":["https:\/\/odigo.com\/fr\/person\/marie-verchere\/"]}]},{"@type":"ImageObject","inLanguage":"fr-FR","@id":"https:\/\/odigo.com\/fr\/person\/marie-verchere\/#primaryimage","url":"https:\/\/odigo.com\/wp-content\/uploads\/2021\/04\/2021-04-29_Odigo-v2_People-photos_Marie-Vechere_500x500px_Opt1_v1_MAK-1.jpg","contentUrl":"https:\/\/odigo.com\/wp-content\/uploads\/2021\/04\/2021-04-29_Odigo-v2_People-photos_Marie-Vechere_500x500px_Opt1_v1_MAK-1.jpg","width":500,"height":500},{"@type":"BreadcrumbList","@id":"https:\/\/odigo.com\/fr\/person\/marie-verchere\/#breadcrumb","itemListElement":[{"@type":"ListItem","position":1,"name":"Accueil","item":"https:\/\/odigo.com\/fr\/"},{"@type":"ListItem","position":2,"name":"Marie Verchère"}]},{"@type":"WebSite","@id":"https:\/\/odigo.com\/fr\/#website","url":"https:\/\/odigo.com\/fr\/","name":"Odigo","description":"","publisher":{"@id":"https:\/\/odigo.com\/fr\/#organization"},"potentialAction":[{"@type":"SearchAction","target":{"@type":"EntryPoint","urlTemplate":"https:\/\/odigo.com\/fr\/?s={search_term_string}"},"query-input":{"@type":"PropertyValueSpecification","valueRequired":true,"valueName":"search_term_string"}}],"inLanguage":"fr-FR"},{"@type":"Organization","@id":"https:\/\/odigo.com\/fr\/#organization","name":"Odigo","url":"https:\/\/odigo.com\/fr\/","logo":{"@type":"ImageObject","inLanguage":"fr-FR","@id":"https:\/\/odigo.com\/fr\/#\/schema\/logo\/image\/","url":"https:\/\/odigo.com\/wp-content\/uploads\/2026\/03\/logo-odigo.svg","contentUrl":"https:\/\/odigo.com\/wp-content\/uploads\/2026\/03\/logo-odigo.svg","width":142,"height":63,"caption":"Odigo"},"image":{"@id":"https:\/\/odigo.com\/fr\/#\/schema\/logo\/image\/"}}]}</script>
<!-- / Yoast SEO plugin. -->

Marie Verchère - Odigo
