{"id":7929,"date":"2026-02-22T16:58:33","date_gmt":"2026-02-22T15:58:33","guid":{"rendered":"https:\/\/www.odigo.com\/fr-fr\/?post_type=person&#038;p=7929"},"modified":"2026-02-22T16:58:33","modified_gmt":"2026-02-22T15:58:33","slug":"christophe-famechon","status":"publish","type":"person","link":"https:\/\/odigo.com\/fr\/person\/christophe-famechon\/","title":{"rendered":"Christophe Famechon"},"content":{"rendered":"<p>Christophe est fort de 25 ans d\u2019exp\u00e9rience dans la relation client. Il a connu des exp\u00e9riences de directeur g\u00e9n\u00e9ral et de d\u00e9veloppeur d&rsquo;affaires \u00e0 l&rsquo;international. Au fil des ans, il a occup\u00e9 des postes op\u00e9rationnels et strat\u00e9giques en France et \u00e0 l\u2019international (Am\u00e9rique du Sud, \u00c9tats-Unis, Irlande, Allemagne, Maroc) au sein de grands groupes et d\u2019outsourcers dans les t\u00e9l\u00e9coms et le retail.<\/p>\n","protected":false},"author":1,"featured_media":196634,"menu_order":29,"template":"","meta":{"_acf_changed":false,"person_position":"Directeur de la relation client","person_company":"Fnac Darty","footnotes":""},"tags":[],"person-type":[],"topic":[],"class_list":["post-7929","person","type-person","status-publish","has-post-thumbnail","hentry"],"acf":{"photo_intervenant":null,"person-position":"","person-company":"","person_biography":"","custom-url":"","linkedin-url":"","twitter-url":""},"yoast_head":"<!-- This site is optimized with the Yoast SEO plugin v27.5 - https:\/\/yoast.com\/product\/yoast-seo-wordpress\/ -->\n<title>Christophe Famechon - Odigo<\/title>\n<meta name=\"robots\" content=\"noindex, follow\" \/>\n<meta property=\"og:locale\" content=\"fr_FR\" \/>\n<meta property=\"og:type\" content=\"article\" \/>\n<meta property=\"og:title\" content=\"Christophe Famechon - Odigo\" \/>\n<meta property=\"og:description\" content=\"Christophe est fort de 25 ans d\u2019exp\u00e9rience dans la relation client. Il a connu des exp\u00e9riences de directeur g\u00e9n\u00e9ral et de d\u00e9veloppeur d&rsquo;affaires \u00e0 l&rsquo;international. Au fil des ans, il a occup\u00e9 des postes op\u00e9rationnels et strat\u00e9giques en France et \u00e0 l\u2019international (Am\u00e9rique du Sud, \u00c9tats-Unis, Irlande, Allemagne, Maroc) au sein de grands groupes et [&hellip;]\" \/>\n<meta property=\"og:url\" content=\"https:\/\/odigo.com\/fr\/person\/christophe-famechon\/\" \/>\n<meta property=\"og:site_name\" content=\"Odigo\" \/>\n<meta property=\"og:image\" content=\"https:\/\/odigo.com\/wp-content\/uploads\/2021\/08\/FAMECHON_Christophe-72-2-e1626163911121.jpeg\" \/>\n\t<meta property=\"og:image:width\" content=\"534\" \/>\n\t<meta property=\"og:image:height\" content=\"534\" \/>\n\t<meta property=\"og:image:type\" content=\"image\/jpeg\" \/>\n<meta name=\"twitter:card\" content=\"summary_large_image\" \/>\n<meta name=\"twitter:label1\" content=\"Dur\u00e9e de lecture estim\u00e9e\" \/>\n\t<meta name=\"twitter:data1\" content=\"1 minute\" \/>\n<script type=\"application\/ld+json\" class=\"yoast-schema-graph\">{\"@context\":\"https:\\\/\\\/schema.org\",\"@graph\":[{\"@type\":\"WebPage\",\"@id\":\"https:\\\/\\\/odigo.com\\\/fr\\\/person\\\/christophe-famechon\\\/\",\"url\":\"https:\\\/\\\/odigo.com\\\/fr\\\/person\\\/christophe-famechon\\\/\",\"name\":\"Christophe Famechon - Odigo\",\"isPartOf\":{\"@id\":\"https:\\\/\\\/odigo.com\\\/fr\\\/#website\"},\"primaryImageOfPage\":{\"@id\":\"https:\\\/\\\/odigo.com\\\/fr\\\/person\\\/christophe-famechon\\\/#primaryimage\"},\"image\":{\"@id\":\"https:\\\/\\\/odigo.com\\\/fr\\\/person\\\/christophe-famechon\\\/#primaryimage\"},\"thumbnailUrl\":\"https:\\\/\\\/odigo.com\\\/wp-content\\\/uploads\\\/2021\\\/08\\\/FAMECHON_Christophe-72-2-e1626163911121.jpeg\",\"datePublished\":\"2026-02-22T15:58:33+00:00\",\"breadcrumb\":{\"@id\":\"https:\\\/\\\/odigo.com\\\/fr\\\/person\\\/christophe-famechon\\\/#breadcrumb\"},\"inLanguage\":\"fr-FR\",\"potentialAction\":[{\"@type\":\"ReadAction\",\"target\":[\"https:\\\/\\\/odigo.com\\\/fr\\\/person\\\/christophe-famechon\\\/\"]}]},{\"@type\":\"ImageObject\",\"inLanguage\":\"fr-FR\",\"@id\":\"https:\\\/\\\/odigo.com\\\/fr\\\/person\\\/christophe-famechon\\\/#primaryimage\",\"url\":\"https:\\\/\\\/odigo.com\\\/wp-content\\\/uploads\\\/2021\\\/08\\\/FAMECHON_Christophe-72-2-e1626163911121.jpeg\",\"contentUrl\":\"https:\\\/\\\/odigo.com\\\/wp-content\\\/uploads\\\/2021\\\/08\\\/FAMECHON_Christophe-72-2-e1626163911121.jpeg\",\"width\":534,\"height\":534},{\"@type\":\"BreadcrumbList\",\"@id\":\"https:\\\/\\\/odigo.com\\\/fr\\\/person\\\/christophe-famechon\\\/#breadcrumb\",\"itemListElement\":[{\"@type\":\"ListItem\",\"position\":1,\"name\":\"Accueil\",\"item\":\"https:\\\/\\\/odigo.com\\\/fr\\\/\"},{\"@type\":\"ListItem\",\"position\":2,\"name\":\"Christophe Famechon\"}]},{\"@type\":\"WebSite\",\"@id\":\"https:\\\/\\\/odigo.com\\\/fr\\\/#website\",\"url\":\"https:\\\/\\\/odigo.com\\\/fr\\\/\",\"name\":\"Odigo\",\"description\":\"\",\"publisher\":{\"@id\":\"https:\\\/\\\/odigo.com\\\/fr\\\/#organization\"},\"potentialAction\":[{\"@type\":\"SearchAction\",\"target\":{\"@type\":\"EntryPoint\",\"urlTemplate\":\"https:\\\/\\\/odigo.com\\\/fr\\\/?s={search_term_string}\"},\"query-input\":{\"@type\":\"PropertyValueSpecification\",\"valueRequired\":true,\"valueName\":\"search_term_string\"}}],\"inLanguage\":\"fr-FR\"},{\"@type\":\"Organization\",\"@id\":\"https:\\\/\\\/odigo.com\\\/fr\\\/#organization\",\"name\":\"Odigo\",\"url\":\"https:\\\/\\\/odigo.com\\\/fr\\\/\",\"logo\":{\"@type\":\"ImageObject\",\"inLanguage\":\"fr-FR\",\"@id\":\"https:\\\/\\\/odigo.com\\\/fr\\\/#\\\/schema\\\/logo\\\/image\\\/\",\"url\":\"https:\\\/\\\/odigo.com\\\/wp-content\\\/uploads\\\/2026\\\/03\\\/logo-odigo.svg\",\"contentUrl\":\"https:\\\/\\\/odigo.com\\\/wp-content\\\/uploads\\\/2026\\\/03\\\/logo-odigo.svg\",\"width\":142,\"height\":63,\"caption\":\"Odigo\"},\"image\":{\"@id\":\"https:\\\/\\\/odigo.com\\\/fr\\\/#\\\/schema\\\/logo\\\/image\\\/\"}}]}<\/script>\n<!-- \/ Yoast SEO plugin. -->","yoast_head_json":{"title":"Christophe Famechon - Odigo","robots":{"index":"noindex","follow":"follow"},"og_locale":"fr_FR","og_type":"article","og_title":"Christophe Famechon - Odigo","og_description":"Christophe est fort de 25 ans d\u2019exp\u00e9rience dans la relation client. Il a connu des exp\u00e9riences de directeur g\u00e9n\u00e9ral et de d\u00e9veloppeur d&rsquo;affaires \u00e0 l&rsquo;international. Au fil des ans, il a occup\u00e9 des postes op\u00e9rationnels et strat\u00e9giques en France et \u00e0 l\u2019international (Am\u00e9rique du Sud, \u00c9tats-Unis, Irlande, Allemagne, Maroc) au sein de grands groupes et [&hellip;]","og_url":"https:\/\/odigo.com\/fr\/person\/christophe-famechon\/","og_site_name":"Odigo","og_image":[{"width":534,"height":534,"url":"https:\/\/odigo.com\/wp-content\/uploads\/2021\/08\/FAMECHON_Christophe-72-2-e1626163911121.jpeg","type":"image\/jpeg"}],"twitter_card":"summary_large_image","twitter_misc":{"Dur\u00e9e de lecture estim\u00e9e":"1 minute"},"schema":{"@context":"https:\/\/schema.org","@graph":[{"@type":"WebPage","@id":"https:\/\/odigo.com\/fr\/person\/christophe-famechon\/","url":"https:\/\/odigo.com\/fr\/person\/christophe-famechon\/","name":"Christophe Famechon - Odigo","isPartOf":{"@id":"https:\/\/odigo.com\/fr\/#website"},"primaryImageOfPage":{"@id":"https:\/\/odigo.com\/fr\/person\/christophe-famechon\/#primaryimage"},"image":{"@id":"https:\/\/odigo.com\/fr\/person\/christophe-famechon\/#primaryimage"},"thumbnailUrl":"https:\/\/odigo.com\/wp-content\/uploads\/2021\/08\/FAMECHON_Christophe-72-2-e1626163911121.jpeg","datePublished":"2026-02-22T15:58:33+00:00","breadcrumb":{"@id":"https:\/\/odigo.com\/fr\/person\/christophe-famechon\/#breadcrumb"},"inLanguage":"fr-FR","potentialAction":[{"@type":"ReadAction","target":["https:\/\/odigo.com\/fr\/person\/christophe-famechon\/"]}]},{"@type":"ImageObject","inLanguage":"fr-FR","@id":"https:\/\/odigo.com\/fr\/person\/christophe-famechon\/#primaryimage","url":"https:\/\/odigo.com\/wp-content\/uploads\/2021\/08\/FAMECHON_Christophe-72-2-e1626163911121.jpeg","contentUrl":"https:\/\/odigo.com\/wp-content\/uploads\/2021\/08\/FAMECHON_Christophe-72-2-e1626163911121.jpeg","width":534,"height":534},{"@type":"BreadcrumbList","@id":"https:\/\/odigo.com\/fr\/person\/christophe-famechon\/#breadcrumb","itemListElement":[{"@type":"ListItem","position":1,"name":"Accueil","item":"https:\/\/odigo.com\/fr\/"},{"@type":"ListItem","position":2,"name":"Christophe Famechon"}]},{"@type":"WebSite","@id":"https:\/\/odigo.com\/fr\/#website","url":"https:\/\/odigo.com\/fr\/","name":"Odigo","description":"","publisher":{"@id":"https:\/\/odigo.com\/fr\/#organization"},"potentialAction":[{"@type":"SearchAction","target":{"@type":"EntryPoint","urlTemplate":"https:\/\/odigo.com\/fr\/?s={search_term_string}"},"query-input":{"@type":"PropertyValueSpecification","valueRequired":true,"valueName":"search_term_string"}}],"inLanguage":"fr-FR"},{"@type":"Organization","@id":"https:\/\/odigo.com\/fr\/#organization","name":"Odigo","url":"https:\/\/odigo.com\/fr\/","logo":{"@type":"ImageObject","inLanguage":"fr-FR","@id":"https:\/\/odigo.com\/fr\/#\/schema\/logo\/image\/","url":"https:\/\/odigo.com\/wp-content\/uploads\/2026\/03\/logo-odigo.svg","contentUrl":"https:\/\/odigo.com\/wp-content\/uploads\/2026\/03\/logo-odigo.svg","width":142,"height":63,"caption":"Odigo"},"image":{"@id":"https:\/\/odigo.com\/fr\/#\/schema\/logo\/image\/"}}]}},"_links":{"self":[{"href":"https:\/\/odigo.com\/fr\/wp-json\/wp\/v2\/person\/7929","targetHints":{"allow":["GET"]}}],"collection":[{"href":"https:\/\/odigo.com\/fr\/wp-json\/wp\/v2\/person"}],"about":[{"href":"https:\/\/odigo.com\/fr\/wp-json\/wp\/v2\/types\/person"}],"author":[{"embeddable":true,"href":"https:\/\/odigo.com\/fr\/wp-json\/wp\/v2\/users\/1"}],"version-history":[{"count":1,"href":"https:\/\/odigo.com\/fr\/wp-json\/wp\/v2\/person\/7929\/revisions"}],"predecessor-version":[{"id":196854,"href":"https:\/\/odigo.com\/fr\/wp-json\/wp\/v2\/person\/7929\/revisions\/196854"}],"wp:featuredmedia":[{"embeddable":true,"href":"https:\/\/odigo.com\/fr\/wp-json\/wp\/v2\/media\/196634"}],"wp:attachment":[{"href":"https:\/\/odigo.com\/fr\/wp-json\/wp\/v2\/media?parent=7929"}],"wp:term":[{"taxonomy":"post_tag","embeddable":true,"href":"https:\/\/odigo.com\/fr\/wp-json\/wp\/v2\/tags?post=7929"},{"taxonomy":"person-type","embeddable":true,"href":"https:\/\/odigo.com\/fr\/wp-json\/wp\/v2\/person-type?post=7929"},{"taxonomy":"topic","embeddable":true,"href":"https:\/\/odigo.com\/fr\/wp-json\/wp\/v2\/topic?post=7929"}],"curies":[{"name":"wp","href":"https:\/\/api.w.org\/{rel}","templated":true}]}}

<p>Christophe est fort de 25 ans d’expérience dans la relation client. Il a connu des expériences de directeur général et de développeur d&rsquo;affaires à l&rsquo;international. Au fil des ans, il a occupé des postes opérationnels et stratégiques en France et à l’international (Amérique du Sud, États-Unis, Irlande, Allemagne, Maroc) au sein de grands groupes et d’outsourcers dans les télécoms et le retail.</p>

<!-- This site is optimized with the Yoast SEO plugin v27.5 - https://yoast.com/product/yoast-seo-wordpress/ -->
<title>Christophe Famechon - Odigo</title>
<meta name="robots" content="noindex, follow" />
<meta property="og:locale" content="fr_FR" />
<meta property="og:type" content="article" />
<meta property="og:title" content="Christophe Famechon - Odigo" />
<meta property="og:description" content="Christophe est fort de 25 ans d’expérience dans la relation client. Il a connu des expériences de directeur général et de développeur d&rsquo;affaires à l&rsquo;international. Au fil des ans, il a occupé des postes opérationnels et stratégiques en France et à l’international (Amérique du Sud, États-Unis, Irlande, Allemagne, Maroc) au sein de grands groupes et [&hellip;]" />
<meta property="og:url" content="https://odigo.com/fr/person/christophe-famechon/" />
<meta property="og:site_name" content="Odigo" />
<meta property="og:image" content="https://odigo.com/wp-content/uploads/2021/08/FAMECHON_Christophe-72-2-e1626163911121.jpeg" />
	<meta property="og:image:width" content="534" />
	<meta property="og:image:height" content="534" />
	<meta property="og:image:type" content="image/jpeg" />
<meta name="twitter:card" content="summary_large_image" />
<meta name="twitter:label1" content="Durée de lecture estimée" />
	<meta name="twitter:data1" content="1 minute" />
<script type="application/ld+json" class="yoast-schema-graph">{"@context":"https:\/\/schema.org","@graph":[{"@type":"WebPage","@id":"https:\/\/odigo.com\/fr\/person\/christophe-famechon\/","url":"https:\/\/odigo.com\/fr\/person\/christophe-famechon\/","name":"Christophe Famechon - Odigo","isPartOf":{"@id":"https:\/\/odigo.com\/fr\/#website"},"primaryImageOfPage":{"@id":"https:\/\/odigo.com\/fr\/person\/christophe-famechon\/#primaryimage"},"image":{"@id":"https:\/\/odigo.com\/fr\/person\/christophe-famechon\/#primaryimage"},"thumbnailUrl":"https:\/\/odigo.com\/wp-content\/uploads\/2021\/08\/FAMECHON_Christophe-72-2-e1626163911121.jpeg","datePublished":"2026-02-22T15:58:33+00:00","breadcrumb":{"@id":"https:\/\/odigo.com\/fr\/person\/christophe-famechon\/#breadcrumb"},"inLanguage":"fr-FR","potentialAction":[{"@type":"ReadAction","target":["https:\/\/odigo.com\/fr\/person\/christophe-famechon\/"]}]},{"@type":"ImageObject","inLanguage":"fr-FR","@id":"https:\/\/odigo.com\/fr\/person\/christophe-famechon\/#primaryimage","url":"https:\/\/odigo.com\/wp-content\/uploads\/2021\/08\/FAMECHON_Christophe-72-2-e1626163911121.jpeg","contentUrl":"https:\/\/odigo.com\/wp-content\/uploads\/2021\/08\/FAMECHON_Christophe-72-2-e1626163911121.jpeg","width":534,"height":534},{"@type":"BreadcrumbList","@id":"https:\/\/odigo.com\/fr\/person\/christophe-famechon\/#breadcrumb","itemListElement":[{"@type":"ListItem","position":1,"name":"Accueil","item":"https:\/\/odigo.com\/fr\/"},{"@type":"ListItem","position":2,"name":"Christophe Famechon"}]},{"@type":"WebSite","@id":"https:\/\/odigo.com\/fr\/#website","url":"https:\/\/odigo.com\/fr\/","name":"Odigo","description":"","publisher":{"@id":"https:\/\/odigo.com\/fr\/#organization"},"potentialAction":[{"@type":"SearchAction","target":{"@type":"EntryPoint","urlTemplate":"https:\/\/odigo.com\/fr\/?s={search_term_string}"},"query-input":{"@type":"PropertyValueSpecification","valueRequired":true,"valueName":"search_term_string"}}],"inLanguage":"fr-FR"},{"@type":"Organization","@id":"https:\/\/odigo.com\/fr\/#organization","name":"Odigo","url":"https:\/\/odigo.com\/fr\/","logo":{"@type":"ImageObject","inLanguage":"fr-FR","@id":"https:\/\/odigo.com\/fr\/#\/schema\/logo\/image\/","url":"https:\/\/odigo.com\/wp-content\/uploads\/2026\/03\/logo-odigo.svg","contentUrl":"https:\/\/odigo.com\/wp-content\/uploads\/2026\/03\/logo-odigo.svg","width":142,"height":63,"caption":"Odigo"},"image":{"@id":"https:\/\/odigo.com\/fr\/#\/schema\/logo\/image\/"}}]}</script>
<!-- / Yoast SEO plugin. -->

Christophe est fort de 25 ans d’expérience dans la relation client. Il a connu des expériences de directeur général et de développeur d&rsquo;affaires à l&rsquo;international. Au fil des ans, il a occupé des postes opérationnels et stratégiques en France et à l’international (Amérique du Sud, États-Unis, Irlande, Allemagne, Maroc) au sein de grands groupes et [&hellip;]
