{"id":9898,"date":"2026-02-22T16:58:32","date_gmt":"2026-02-22T15:58:32","guid":{"rendered":"https:\/\/www.odigo.com\/fr-fr\/?post_type=person&#038;p=9898"},"modified":"2026-02-22T16:58:32","modified_gmt":"2026-02-22T15:58:32","slug":"marie-verchere-2","status":"publish","type":"person","link":"https:\/\/odigo.com\/fr\/person\/marie-verchere-2\/","title":{"rendered":"Marie Verch\u00e8re"},"content":{"rendered":"<p>Chaque exp\u00e9rience professionnelle permet de se forger des convictions, de s&rsquo;enrichir. Apr\u00e8s 4 ans de fusion-acquisition, il \u00e9tait pour moi \u00e9vident qu&rsquo;une entreprise pouvait s&rsquo;am\u00e9liorer si elle disposait d&rsquo;une vision pilot\u00e9e par les chiffres.<\/p>\n<p>J&rsquo;ai appliqu\u00e9 cette id\u00e9e au monde de la relation client, que je n&rsquo;ai plus quitt\u00e9 durant mes ann\u00e9es chez Prosodie. J&rsquo;y ai aussi int\u00e9gr\u00e9 une autre dimension, la technologie.<\/p>\n<p>Cette vision pouvait s&rsquo;appuyer sur des solutions, comme le routage intelligent et le langage naturel pour atteindre son objectif ! C&rsquo;est ainsi que j&rsquo;ai eu l&rsquo;opportunit\u00e9 d&rsquo;accompagner des entreprises dans des \u00e9tudes d&rsquo;opportunit\u00e9 ou de ROI.<\/p>\n<p>J&rsquo;ai ensuite rejoint les rangs de Capgemini Consulting, devenu Capgemini Invent, o\u00f9 j&rsquo;ai travaill\u00e9 durant plus de 5 ans aupr\u00e8s des m\u00e9tiers de la relation client, sur la mise en place de mod\u00e8les d&rsquo;activit\u00e9 Back-Office, le cadrage de d\u00e9ploiement de chatbot, ou encore, la d\u00e9finition de mod\u00e8le de services diff\u00e9renci\u00e9s\u2026<\/p>\n<p>D\u00e9sormais, j&rsquo;aide \u00e0\u00a0l&rsquo;am\u00e9lioration continue d&rsquo;une exp\u00e9rience toujours plus riche et adapt\u00e9e aux attentes des clients.<\/p>\n<p>Actuellement responsable de l&rsquo;entit\u00e9 conseil d&rsquo;Odigo, je mets mon expertise au service d&rsquo;une exp\u00e9rience client efficace, de qualit\u00e9 et humaine.<\/p>\n","protected":false},"author":1,"featured_media":11967,"menu_order":89,"template":"","meta":{"_acf_changed":false,"person_position":"","person_company":"","footnotes":""},"tags":[],"person-type":[],"topic":[],"class_list":["post-9898","person","type-person","status-publish","has-post-thumbnail","hentry"],"acf":{"photo_intervenant":null,"person-position":"","person-company":"","person_biography":"","custom-url":"","linkedin-url":"","twitter-url":""},"yoast_head":"<!-- This site is optimized with the Yoast SEO plugin v27.5 - https:\/\/yoast.com\/product\/yoast-seo-wordpress\/ -->\n<title>Marie Verch\u00e8re - Odigo<\/title>\n<meta name=\"robots\" content=\"noindex, follow\" \/>\n<meta property=\"og:locale\" content=\"fr_FR\" \/>\n<meta property=\"og:type\" content=\"article\" \/>\n<meta property=\"og:title\" content=\"Marie Verch\u00e8re - Odigo\" \/>\n<meta property=\"og:description\" content=\"Chaque exp\u00e9rience professionnelle permet de se forger des convictions, de s&rsquo;enrichir. Apr\u00e8s 4 ans de fusion-acquisition, il \u00e9tait pour moi \u00e9vident qu&rsquo;une entreprise pouvait s&rsquo;am\u00e9liorer si elle disposait d&rsquo;une vision pilot\u00e9e par les chiffres. J&rsquo;ai appliqu\u00e9 cette id\u00e9e au monde de la relation client, que je n&rsquo;ai plus quitt\u00e9 durant mes ann\u00e9es chez Prosodie. J&rsquo;y [&hellip;]\" \/>\n<meta property=\"og:url\" content=\"https:\/\/odigo.com\/fr\/person\/marie-verchere-2\/\" \/>\n<meta property=\"og:site_name\" content=\"Odigo\" \/>\n<meta property=\"og:image\" content=\"https:\/\/odigo.com\/wp-content\/uploads\/2021\/04\/2021-04-29_Odigo-v2_People-photos_Marie-Vechere_500x500px_Opt1_v1_MAK-1.jpg\" \/>\n\t<meta property=\"og:image:width\" content=\"500\" \/>\n\t<meta property=\"og:image:height\" content=\"500\" \/>\n\t<meta property=\"og:image:type\" content=\"image\/jpeg\" \/>\n<meta name=\"twitter:card\" content=\"summary_large_image\" \/>\n<meta name=\"twitter:label1\" content=\"Dur\u00e9e de lecture estim\u00e9e\" \/>\n\t<meta name=\"twitter:data1\" content=\"2 minutes\" \/>\n<script type=\"application\/ld+json\" class=\"yoast-schema-graph\">{\"@context\":\"https:\\\/\\\/schema.org\",\"@graph\":[{\"@type\":\"WebPage\",\"@id\":\"https:\\\/\\\/odigo.com\\\/fr\\\/person\\\/marie-verchere-2\\\/\",\"url\":\"https:\\\/\\\/odigo.com\\\/fr\\\/person\\\/marie-verchere-2\\\/\",\"name\":\"Marie Verch\u00e8re - Odigo\",\"isPartOf\":{\"@id\":\"https:\\\/\\\/odigo.com\\\/fr\\\/#website\"},\"primaryImageOfPage\":{\"@id\":\"https:\\\/\\\/odigo.com\\\/fr\\\/person\\\/marie-verchere-2\\\/#primaryimage\"},\"image\":{\"@id\":\"https:\\\/\\\/odigo.com\\\/fr\\\/person\\\/marie-verchere-2\\\/#primaryimage\"},\"thumbnailUrl\":\"https:\\\/\\\/odigo.com\\\/wp-content\\\/uploads\\\/2021\\\/04\\\/2021-04-29_Odigo-v2_People-photos_Marie-Vechere_500x500px_Opt1_v1_MAK-1.jpg\",\"datePublished\":\"2026-02-22T15:58:32+00:00\",\"breadcrumb\":{\"@id\":\"https:\\\/\\\/odigo.com\\\/fr\\\/person\\\/marie-verchere-2\\\/#breadcrumb\"},\"inLanguage\":\"fr-FR\",\"potentialAction\":[{\"@type\":\"ReadAction\",\"target\":[\"https:\\\/\\\/odigo.com\\\/fr\\\/person\\\/marie-verchere-2\\\/\"]}]},{\"@type\":\"ImageObject\",\"inLanguage\":\"fr-FR\",\"@id\":\"https:\\\/\\\/odigo.com\\\/fr\\\/person\\\/marie-verchere-2\\\/#primaryimage\",\"url\":\"https:\\\/\\\/odigo.com\\\/wp-content\\\/uploads\\\/2021\\\/04\\\/2021-04-29_Odigo-v2_People-photos_Marie-Vechere_500x500px_Opt1_v1_MAK-1.jpg\",\"contentUrl\":\"https:\\\/\\\/odigo.com\\\/wp-content\\\/uploads\\\/2021\\\/04\\\/2021-04-29_Odigo-v2_People-photos_Marie-Vechere_500x500px_Opt1_v1_MAK-1.jpg\",\"width\":500,\"height\":500},{\"@type\":\"BreadcrumbList\",\"@id\":\"https:\\\/\\\/odigo.com\\\/fr\\\/person\\\/marie-verchere-2\\\/#breadcrumb\",\"itemListElement\":[{\"@type\":\"ListItem\",\"position\":1,\"name\":\"Accueil\",\"item\":\"https:\\\/\\\/odigo.com\\\/fr\\\/\"},{\"@type\":\"ListItem\",\"position\":2,\"name\":\"Marie Verch\u00e8re\"}]},{\"@type\":\"WebSite\",\"@id\":\"https:\\\/\\\/odigo.com\\\/fr\\\/#website\",\"url\":\"https:\\\/\\\/odigo.com\\\/fr\\\/\",\"name\":\"Odigo\",\"description\":\"\",\"publisher\":{\"@id\":\"https:\\\/\\\/odigo.com\\\/fr\\\/#organization\"},\"potentialAction\":[{\"@type\":\"SearchAction\",\"target\":{\"@type\":\"EntryPoint\",\"urlTemplate\":\"https:\\\/\\\/odigo.com\\\/fr\\\/?s={search_term_string}\"},\"query-input\":{\"@type\":\"PropertyValueSpecification\",\"valueRequired\":true,\"valueName\":\"search_term_string\"}}],\"inLanguage\":\"fr-FR\"},{\"@type\":\"Organization\",\"@id\":\"https:\\\/\\\/odigo.com\\\/fr\\\/#organization\",\"name\":\"Odigo\",\"url\":\"https:\\\/\\\/odigo.com\\\/fr\\\/\",\"logo\":{\"@type\":\"ImageObject\",\"inLanguage\":\"fr-FR\",\"@id\":\"https:\\\/\\\/odigo.com\\\/fr\\\/#\\\/schema\\\/logo\\\/image\\\/\",\"url\":\"https:\\\/\\\/odigo.com\\\/wp-content\\\/uploads\\\/2026\\\/03\\\/logo-odigo.svg\",\"contentUrl\":\"https:\\\/\\\/odigo.com\\\/wp-content\\\/uploads\\\/2026\\\/03\\\/logo-odigo.svg\",\"width\":142,\"height\":63,\"caption\":\"Odigo\"},\"image\":{\"@id\":\"https:\\\/\\\/odigo.com\\\/fr\\\/#\\\/schema\\\/logo\\\/image\\\/\"}}]}<\/script>\n<!-- \/ Yoast SEO plugin. -->","yoast_head_json":{"title":"Marie Verch\u00e8re - Odigo","robots":{"index":"noindex","follow":"follow"},"og_locale":"fr_FR","og_type":"article","og_title":"Marie Verch\u00e8re - Odigo","og_description":"Chaque exp\u00e9rience professionnelle permet de se forger des convictions, de s&rsquo;enrichir. Apr\u00e8s 4 ans de fusion-acquisition, il \u00e9tait pour moi \u00e9vident qu&rsquo;une entreprise pouvait s&rsquo;am\u00e9liorer si elle disposait d&rsquo;une vision pilot\u00e9e par les chiffres. J&rsquo;ai appliqu\u00e9 cette id\u00e9e au monde de la relation client, que je n&rsquo;ai plus quitt\u00e9 durant mes ann\u00e9es chez Prosodie. J&rsquo;y [&hellip;]","og_url":"https:\/\/odigo.com\/fr\/person\/marie-verchere-2\/","og_site_name":"Odigo","og_image":[{"width":500,"height":500,"url":"https:\/\/odigo.com\/wp-content\/uploads\/2021\/04\/2021-04-29_Odigo-v2_People-photos_Marie-Vechere_500x500px_Opt1_v1_MAK-1.jpg","type":"image\/jpeg"}],"twitter_card":"summary_large_image","twitter_misc":{"Dur\u00e9e de lecture estim\u00e9e":"2 minutes"},"schema":{"@context":"https:\/\/schema.org","@graph":[{"@type":"WebPage","@id":"https:\/\/odigo.com\/fr\/person\/marie-verchere-2\/","url":"https:\/\/odigo.com\/fr\/person\/marie-verchere-2\/","name":"Marie Verch\u00e8re - Odigo","isPartOf":{"@id":"https:\/\/odigo.com\/fr\/#website"},"primaryImageOfPage":{"@id":"https:\/\/odigo.com\/fr\/person\/marie-verchere-2\/#primaryimage"},"image":{"@id":"https:\/\/odigo.com\/fr\/person\/marie-verchere-2\/#primaryimage"},"thumbnailUrl":"https:\/\/odigo.com\/wp-content\/uploads\/2021\/04\/2021-04-29_Odigo-v2_People-photos_Marie-Vechere_500x500px_Opt1_v1_MAK-1.jpg","datePublished":"2026-02-22T15:58:32+00:00","breadcrumb":{"@id":"https:\/\/odigo.com\/fr\/person\/marie-verchere-2\/#breadcrumb"},"inLanguage":"fr-FR","potentialAction":[{"@type":"ReadAction","target":["https:\/\/odigo.com\/fr\/person\/marie-verchere-2\/"]}]},{"@type":"ImageObject","inLanguage":"fr-FR","@id":"https:\/\/odigo.com\/fr\/person\/marie-verchere-2\/#primaryimage","url":"https:\/\/odigo.com\/wp-content\/uploads\/2021\/04\/2021-04-29_Odigo-v2_People-photos_Marie-Vechere_500x500px_Opt1_v1_MAK-1.jpg","contentUrl":"https:\/\/odigo.com\/wp-content\/uploads\/2021\/04\/2021-04-29_Odigo-v2_People-photos_Marie-Vechere_500x500px_Opt1_v1_MAK-1.jpg","width":500,"height":500},{"@type":"BreadcrumbList","@id":"https:\/\/odigo.com\/fr\/person\/marie-verchere-2\/#breadcrumb","itemListElement":[{"@type":"ListItem","position":1,"name":"Accueil","item":"https:\/\/odigo.com\/fr\/"},{"@type":"ListItem","position":2,"name":"Marie Verch\u00e8re"}]},{"@type":"WebSite","@id":"https:\/\/odigo.com\/fr\/#website","url":"https:\/\/odigo.com\/fr\/","name":"Odigo","description":"","publisher":{"@id":"https:\/\/odigo.com\/fr\/#organization"},"potentialAction":[{"@type":"SearchAction","target":{"@type":"EntryPoint","urlTemplate":"https:\/\/odigo.com\/fr\/?s={search_term_string}"},"query-input":{"@type":"PropertyValueSpecification","valueRequired":true,"valueName":"search_term_string"}}],"inLanguage":"fr-FR"},{"@type":"Organization","@id":"https:\/\/odigo.com\/fr\/#organization","name":"Odigo","url":"https:\/\/odigo.com\/fr\/","logo":{"@type":"ImageObject","inLanguage":"fr-FR","@id":"https:\/\/odigo.com\/fr\/#\/schema\/logo\/image\/","url":"https:\/\/odigo.com\/wp-content\/uploads\/2026\/03\/logo-odigo.svg","contentUrl":"https:\/\/odigo.com\/wp-content\/uploads\/2026\/03\/logo-odigo.svg","width":142,"height":63,"caption":"Odigo"},"image":{"@id":"https:\/\/odigo.com\/fr\/#\/schema\/logo\/image\/"}}]}},"_links":{"self":[{"href":"https:\/\/odigo.com\/fr\/wp-json\/wp\/v2\/person\/9898","targetHints":{"allow":["GET"]}}],"collection":[{"href":"https:\/\/odigo.com\/fr\/wp-json\/wp\/v2\/person"}],"about":[{"href":"https:\/\/odigo.com\/fr\/wp-json\/wp\/v2\/types\/person"}],"author":[{"embeddable":true,"href":"https:\/\/odigo.com\/fr\/wp-json\/wp\/v2\/users\/1"}],"version-history":[{"count":1,"href":"https:\/\/odigo.com\/fr\/wp-json\/wp\/v2\/person\/9898\/revisions"}],"predecessor-version":[{"id":196852,"href":"https:\/\/odigo.com\/fr\/wp-json\/wp\/v2\/person\/9898\/revisions\/196852"}],"wp:featuredmedia":[{"embeddable":true,"href":"https:\/\/odigo.com\/fr\/wp-json\/wp\/v2\/media\/11967"}],"wp:attachment":[{"href":"https:\/\/odigo.com\/fr\/wp-json\/wp\/v2\/media?parent=9898"}],"wp:term":[{"taxonomy":"post_tag","embeddable":true,"href":"https:\/\/odigo.com\/fr\/wp-json\/wp\/v2\/tags?post=9898"},{"taxonomy":"person-type","embeddable":true,"href":"https:\/\/odigo.com\/fr\/wp-json\/wp\/v2\/person-type?post=9898"},{"taxonomy":"topic","embeddable":true,"href":"https:\/\/odigo.com\/fr\/wp-json\/wp\/v2\/topic?post=9898"}],"curies":[{"name":"wp","href":"https:\/\/api.w.org\/{rel}","templated":true}]}}

Marie Verchère

<p>Chaque expérience professionnelle permet de se forger des convictions, de s&rsquo;enrichir. Après 4 ans de fusion-acquisition, il était pour moi évident qu&rsquo;une entreprise pouvait s&rsquo;améliorer si elle disposait d&rsquo;une vision pilotée par les chiffres.</p>
<p>J&rsquo;ai appliqué cette idée au monde de la relation client, que je n&rsquo;ai plus quitté durant mes années chez Prosodie. J&rsquo;y ai aussi intégré une autre dimension, la technologie.</p>
<p>Cette vision pouvait s&rsquo;appuyer sur des solutions, comme le routage intelligent et le langage naturel pour atteindre son objectif ! C&rsquo;est ainsi que j&rsquo;ai eu l&rsquo;opportunité d&rsquo;accompagner des entreprises dans des études d&rsquo;opportunité ou de ROI.</p>
<p>J&rsquo;ai ensuite rejoint les rangs de Capgemini Consulting, devenu Capgemini Invent, où j&rsquo;ai travaillé durant plus de 5 ans auprès des métiers de la relation client, sur la mise en place de modèles d&rsquo;activité Back-Office, le cadrage de déploiement de chatbot, ou encore, la définition de modèle de services différenciés…</p>
<p>Désormais, j&rsquo;aide à l&rsquo;amélioration continue d&rsquo;une expérience toujours plus riche et adaptée aux attentes des clients.</p>
<p>Actuellement responsable de l&rsquo;entité conseil d&rsquo;Odigo, je mets mon expertise au service d&rsquo;une expérience client efficace, de qualité et humaine.</p>

<!-- This site is optimized with the Yoast SEO plugin v27.5 - https://yoast.com/product/yoast-seo-wordpress/ -->
<title>Marie Verchère - Odigo</title>
<meta name="robots" content="noindex, follow" />
<meta property="og:locale" content="fr_FR" />
<meta property="og:type" content="article" />
<meta property="og:title" content="Marie Verchère - Odigo" />
<meta property="og:description" content="Chaque expérience professionnelle permet de se forger des convictions, de s&rsquo;enrichir. Après 4 ans de fusion-acquisition, il était pour moi évident qu&rsquo;une entreprise pouvait s&rsquo;améliorer si elle disposait d&rsquo;une vision pilotée par les chiffres. J&rsquo;ai appliqué cette idée au monde de la relation client, que je n&rsquo;ai plus quitté durant mes années chez Prosodie. J&rsquo;y [&hellip;]" />
<meta property="og:url" content="https://odigo.com/fr/person/marie-verchere-2/" />
<meta property="og:site_name" content="Odigo" />
<meta property="og:image" content="https://odigo.com/wp-content/uploads/2021/04/2021-04-29_Odigo-v2_People-photos_Marie-Vechere_500x500px_Opt1_v1_MAK-1.jpg" />
	<meta property="og:image:width" content="500" />
	<meta property="og:image:height" content="500" />
	<meta property="og:image:type" content="image/jpeg" />
<meta name="twitter:card" content="summary_large_image" />
<meta name="twitter:label1" content="Durée de lecture estimée" />
	<meta name="twitter:data1" content="2 minutes" />
<script type="application/ld+json" class="yoast-schema-graph">{"@context":"https:\/\/schema.org","@graph":[{"@type":"WebPage","@id":"https:\/\/odigo.com\/fr\/person\/marie-verchere-2\/","url":"https:\/\/odigo.com\/fr\/person\/marie-verchere-2\/","name":"Marie Verchère - Odigo","isPartOf":{"@id":"https:\/\/odigo.com\/fr\/#website"},"primaryImageOfPage":{"@id":"https:\/\/odigo.com\/fr\/person\/marie-verchere-2\/#primaryimage"},"image":{"@id":"https:\/\/odigo.com\/fr\/person\/marie-verchere-2\/#primaryimage"},"thumbnailUrl":"https:\/\/odigo.com\/wp-content\/uploads\/2021\/04\/2021-04-29_Odigo-v2_People-photos_Marie-Vechere_500x500px_Opt1_v1_MAK-1.jpg","datePublished":"2026-02-22T15:58:32+00:00","breadcrumb":{"@id":"https:\/\/odigo.com\/fr\/person\/marie-verchere-2\/#breadcrumb"},"inLanguage":"fr-FR","potentialAction":[{"@type":"ReadAction","target":["https:\/\/odigo.com\/fr\/person\/marie-verchere-2\/"]}]},{"@type":"ImageObject","inLanguage":"fr-FR","@id":"https:\/\/odigo.com\/fr\/person\/marie-verchere-2\/#primaryimage","url":"https:\/\/odigo.com\/wp-content\/uploads\/2021\/04\/2021-04-29_Odigo-v2_People-photos_Marie-Vechere_500x500px_Opt1_v1_MAK-1.jpg","contentUrl":"https:\/\/odigo.com\/wp-content\/uploads\/2021\/04\/2021-04-29_Odigo-v2_People-photos_Marie-Vechere_500x500px_Opt1_v1_MAK-1.jpg","width":500,"height":500},{"@type":"BreadcrumbList","@id":"https:\/\/odigo.com\/fr\/person\/marie-verchere-2\/#breadcrumb","itemListElement":[{"@type":"ListItem","position":1,"name":"Accueil","item":"https:\/\/odigo.com\/fr\/"},{"@type":"ListItem","position":2,"name":"Marie Verchère"}]},{"@type":"WebSite","@id":"https:\/\/odigo.com\/fr\/#website","url":"https:\/\/odigo.com\/fr\/","name":"Odigo","description":"","publisher":{"@id":"https:\/\/odigo.com\/fr\/#organization"},"potentialAction":[{"@type":"SearchAction","target":{"@type":"EntryPoint","urlTemplate":"https:\/\/odigo.com\/fr\/?s={search_term_string}"},"query-input":{"@type":"PropertyValueSpecification","valueRequired":true,"valueName":"search_term_string"}}],"inLanguage":"fr-FR"},{"@type":"Organization","@id":"https:\/\/odigo.com\/fr\/#organization","name":"Odigo","url":"https:\/\/odigo.com\/fr\/","logo":{"@type":"ImageObject","inLanguage":"fr-FR","@id":"https:\/\/odigo.com\/fr\/#\/schema\/logo\/image\/","url":"https:\/\/odigo.com\/wp-content\/uploads\/2026\/03\/logo-odigo.svg","contentUrl":"https:\/\/odigo.com\/wp-content\/uploads\/2026\/03\/logo-odigo.svg","width":142,"height":63,"caption":"Odigo"},"image":{"@id":"https:\/\/odigo.com\/fr\/#\/schema\/logo\/image\/"}}]}</script>
<!-- / Yoast SEO plugin. -->

Marie Verchère - Odigo

Chaque expérience professionnelle permet de se forger des convictions, de s&rsquo;enrichir. Après 4 ans de fusion-acquisition, il était pour moi évident qu&rsquo;une entreprise pouvait s&rsquo;améliorer si elle disposait d&rsquo;une vision pilotée par les chiffres. J&rsquo;ai appliqué cette idée au monde de la relation client, que je n&rsquo;ai plus quitté durant mes années chez Prosodie. J&rsquo;y [&hellip;]
